{"id":929,"date":"2012-10-14T13:34:00","date_gmt":"2012-10-14T11:34:00","guid":{"rendered":"http:\/\/www.survival.edu.pl\/wp-index.php\/?page_id=929"},"modified":"2017-01-16T12:00:13","modified_gmt":"2017-01-16T10:00:13","slug":"zaufanie","status":"publish","type":"page","link":"https:\/\/www.survival.edu.pl\/wp-index.php\/?page_id=929","title":{"rendered":"Zaufanie i nadzieja"},"content":{"rendered":"<p style=\"text-align: justify;\"><span style=\"color: #ffff99;\">TEN TEMAT JEST OBECNIE OPRACOWYWANY<\/span><\/p>\n<h1><a href=\"http:\/\/www.survival.edu.pl\/wp-content\/uploads\/2012\/09\/need-head.jpg\"><img loading=\"lazy\" class=\"alignright\" title=\"caput indigebat\" src=\"http:\/\/www.survival.edu.pl\/wp-content\/uploads\/2012\/09\/need-head-150x150.jpg\" alt=\"potrzebna g\u0142owa\" width=\"58\" height=\"58\" \/><\/a><\/h1>\n<p style=\"text-align: justify;\">Mia\u0142em ogromny k\u0142opot, w kt\u00f3rym dziale umie\u015bci\u0107 ten temat. Nadaje si\u0119 on i do psychologii, i do socjologii, i do prakseologii&#8230; Zdecydowa\u0142em si\u0119 jednak na umieszczenie go po om\u00f3wieniu woli przetrwania. Kiedy cz\u0142owiek ju\u017c zaczyna rozumie\u0107 wszelkie napr\u0119\u017cenia ludzkiej psychiki, aby utrzyma\u0107 tonus pozwalaj\u0105cy \u017cy\u0107, potrzeba wiedzie\u0107, \u017ce jak Archimedes wskaza\u0142 niezb\u0119dno\u015b\u0107 punktu podparcia, a by\u0142by w\u00a0stanie poruszy\u0107 ziemski glob, tak \u017cyciu r\u00f3wnie\u017c potrzebne jest solidne podparcie&#8230;<\/p>\n","protected":false},"excerpt":{"rendered":"<p>TEN TEMAT JEST OBECNIE OPRACOWYWANY Mia\u0142em ogromny k\u0142opot, w kt\u00f3rym dziale umie\u015bci\u0107 ten temat. Nadaje si\u0119 on i do psychologii, i do socjologii, i do prakseologii&#8230; Zdecydowa\u0142em si\u0119 jednak na umieszczenie go po om\u00f3wieniu woli przetrwania. Kiedy cz\u0142owiek ju\u017c zaczyna &hellip; <a class=\"more-link\" href=\"https:\/\/www.survival.edu.pl\/wp-index.php\/?page_id=929\">Czytaj dalej <span class=\"meta-nav\">&rarr;<\/span><\/a><\/p>\n","protected":false},"author":2,"featured_media":0,"parent":1063,"menu_order":60,"comment_status":"closed","ping_status":"closed","template":"","meta":[],"_links":{"self":[{"href":"https:\/\/www.survival.edu.pl\/wp-index.php\/index.php?rest_route=\/wp\/v2\/pages\/929"}],"collection":[{"href":"https:\/\/www.survival.edu.pl\/wp-index.php\/index.php?rest_route=\/wp\/v2\/pages"}],"about":[{"href":"https:\/\/www.survival.edu.pl\/wp-index.php\/index.php?rest_route=\/wp\/v2\/types\/page"}],"author":[{"embeddable":true,"href":"https:\/\/www.survival.edu.pl\/wp-index.php\/index.php?rest_route=\/wp\/v2\/users\/2"}],"replies":[{"embeddable":true,"href":"https:\/\/www.survival.edu.pl\/wp-index.php\/index.php?rest_route=%2Fwp%2Fv2%2Fcomments&post=929"}],"version-history":[{"count":12,"href":"https:\/\/www.survival.edu.pl\/wp-index.php\/index.php?rest_route=\/wp\/v2\/pages\/929\/revisions"}],"predecessor-version":[{"id":4819,"href":"https:\/\/www.survival.edu.pl\/wp-index.php\/index.php?rest_route=\/wp\/v2\/pages\/929\/revisions\/4819"}],"up":[{"embeddable":true,"href":"https:\/\/www.survival.edu.pl\/wp-index.php\/index.php?rest_route=\/wp\/v2\/pages\/1063"}],"wp:attachment":[{"href":"https:\/\/www.survival.edu.pl\/wp-index.php\/index.php?rest_route=%2Fwp%2Fv2%2Fmedia&parent=929"}],"curies":[{"name":"wp","href":"https:\/\/api.w.org\/{rel}","templated":true}]}}