{"id":871,"date":"2012-10-14T10:35:26","date_gmt":"2012-10-14T08:35:26","guid":{"rendered":"http:\/\/www.survival.edu.pl\/wp-index.php\/?page_id=871"},"modified":"2019-03-05T11:25:42","modified_gmt":"2019-03-05T09:25:42","slug":"moje-ksiazki","status":"publish","type":"page","link":"https:\/\/www.survival.edu.pl\/wp-index.php\/?page_id=871","title":{"rendered":"Moje ksi\u0105\u017cki"},"content":{"rendered":"<p style=\"text-align: justify;\">Bodaj\u017ce w 1993 roku sko\u0144czy\u0142em pisa\u0107 <em>&#8222;Survival po polsku&#8221;<\/em>. Czekaj\u0105c na wydanie zd\u0105\u017cy\u0142em jeszcze to czy tamto dopisa\u0107. W 1996 roku \u2014\u00a0uda\u0142o si\u0119. Nie by\u0142em jednak przy tym obecny, gdy\u017c przebywa\u0142em za granic\u0105 w jednej z\u00a0dw\u00f3ch najwi\u0119kszych podr\u00f3\u017cy mego \u017cycia. Zosta\u0142em zaproszony do stanu Georgia-US przez przyjaciela mego ojca. Obaj byli w tej samej kompanii w 1. Samodzielnej Brygadzie Spadochronowej dowodzonej przez genera\u0142a Stanis\u0142awa Sosabowskiego. Obaj walczyli w desancie pod Arnhem. Obaj spotkali si\u0119 po 50 latach od Bitwy, na uroczysto\u015bciach upami\u0119tniaj\u0105cych te wydarzenia. A potem ju\u017c \u2014\u00a0w Marietta ko\u0142o Atlanty, dok\u0142adnie w czasie, gdy trwa\u0142y tam przygotowania do olimpiady 1996 roku.<\/p>\n<p style=\"text-align: justify;\">W 1999 mia\u0142em napisan\u0105 drug\u0105 ksi\u0105\u017ck\u0119. Poniewa\u017c u\u017cy\u0142em w niej sporo tekstu z ksi\u0105\u017cki pierwszej, wstyd mi by\u0142o nadawa\u0107 jej nowy tytu\u0142 \u2014 cho\u0107 wydawniczo spe\u0142niony by\u0142 warunek &#8222;nowego tytu\u0142u&#8221; \u2014\u00a0wysz\u0142a pod tytu\u0142em <em>&#8222;Survival po polsku. Nowa edycja&#8221;<\/em>. Sta\u0142o to si\u0119 w 2001 roku. Postanowi\u0142em jednak ukaza\u0107 kluczowe momenty powstawania ksi\u0105\u017cki i w tek\u015bcie znajdziecie zwroty m\u00f3wi\u0105ce, kt\u00f3ry to jest w\u0142a\u015bnie rok, kiedy dopisuj\u0119 w\u0142a\u015bnie dodatkowy akapit. Ta ksi\u0105\u017cka przyczyni\u0142a si\u0119 z kolei do tego, \u017ce odby\u0142em drug\u0105 najwi\u0119ksz\u0105 podr\u00f3\u017c mego \u017cycia. Romuald Koperski zaprosi\u0142 mnie na sw\u00f3j rajd samochodowy Gda\u0144sk-Magadan-Gda\u0144sk, zwany <span style=\"text-decoration: underline;\"><a href=\"http:\/\/www.survival.infocentrum.com\/s\/transsyberia.html\" target=\"_blank\" rel=\"noopener\">TRANSSYBERIA GIGANT 2004<\/a><\/span>.<\/p>\n<p style=\"text-align: justify;\">Jest ju\u017c (2015) i trzecia, czyli <span style=\"color: #ff9900;\">III Edycja<\/span>&#8230;<\/p>\n<p><a href=\"http:\/\/www.survival.edu.pl\/wp-content\/uploads\/Survival-po-polsku-e1503169137249.jpg\"><img loading=\"lazy\" class=\"alignnone wp-image-899\" src=\"http:\/\/www.survival.edu.pl\/wp-content\/uploads\/Survival-po-polsku-e1503169137249.jpg\" alt=\"\" width=\"177\" height=\"254\" \/>\u00a0<\/a><a href=\"http:\/\/www.survival.edu.pl\/wp-content\/uploads\/Survival-po-polsku.-Nowa-edycja.jpg\"><img loading=\"lazy\" class=\"alignnone wp-image-900\" src=\"http:\/\/www.survival.edu.pl\/wp-content\/uploads\/Survival-po-polsku.-Nowa-edycja.jpg\" alt=\"\" width=\"209\" height=\"323\" \/>\u00a0<\/a><a href=\"http:\/\/www.survival.edu.pl\/wp-content\/uploads\/OKLADKA-2015-e1503169423983.jpg\"><img loading=\"lazy\" class=\"alignnone wp-image-2455\" src=\"http:\/\/www.survival.edu.pl\/wp-content\/uploads\/OKLADKA-2015-e1503169423983.jpg\" alt=\"\" width=\"278\" height=\"364\" \/><\/a><\/p>\n<p style=\"text-align: left;\">A\u017c wreszcie, niemal jednocze\u015bnie (pocz\u0105tek 2018)&#8230;\u00a0<a href=\"http:\/\/www.survival.edu.pl\/wp-content\/uploads\/AAA.jpg\"><img loading=\"lazy\" class=\"wp-image-7082 aligncenter\" src=\"http:\/\/www.survival.edu.pl\/wp-content\/uploads\/AAA.jpg\" alt=\"\" width=\"359\" height=\"473\" \/><\/a><\/p>\n<p>A nied\u0142ugo w serii &#8222;Survival po polsku&#8221; pojawi si\u0119 czwarty element kompletu:<\/p>\n<p><a href=\"http:\/\/www.survival.edu.pl\/wp-content\/uploads\/Przechwytywanie1.jpg\"><img loading=\"lazy\" class=\"wp-image-5536 alignleft\" src=\"http:\/\/www.survival.edu.pl\/wp-content\/uploads\/Przechwytywanie1.jpg\" alt=\"\" width=\"136\" height=\"187\" \/><\/a> <a href=\"http:\/\/www.survival.edu.pl\/wp-content\/uploads\/Przechwytywanie2.jpg\"><img loading=\"lazy\" class=\"wp-image-5537 alignleft\" src=\"http:\/\/www.survival.edu.pl\/wp-content\/uploads\/Przechwytywanie2.jpg\" alt=\"\" width=\"136\" height=\"187\" \/><\/a> <a href=\"http:\/\/www.survival.edu.pl\/wp-content\/uploads\/Przechwytywanie3.jpg\"><img loading=\"lazy\" class=\"wp-image-5538 alignleft\" src=\"http:\/\/www.survival.edu.pl\/wp-content\/uploads\/Przechwytywanie3.jpg\" alt=\"\" width=\"136\" height=\"187\" \/><\/a> <a href=\"http:\/\/www.survival.edu.pl\/wp-content\/uploads\/4-\u015acie\u017cki.jpg\"><img loading=\"lazy\" class=\"wp-image-5543 alignnone\" src=\"http:\/\/www.survival.edu.pl\/wp-content\/uploads\/4-\u015acie\u017cki.jpg\" alt=\"\" width=\"252\" height=\"348\" \/><\/a><\/p>\n","protected":false},"excerpt":{"rendered":"<p>Bodaj\u017ce w 1993 roku sko\u0144czy\u0142em pisa\u0107 &#8222;Survival po polsku&#8221;. Czekaj\u0105c na wydanie zd\u0105\u017cy\u0142em jeszcze to czy tamto dopisa\u0107. W 1996 roku \u2014\u00a0uda\u0142o si\u0119. Nie by\u0142em jednak przy tym obecny, gdy\u017c przebywa\u0142em za granic\u0105 w jednej z\u00a0dw\u00f3ch najwi\u0119kszych podr\u00f3\u017cy mego \u017cycia. &hellip; <a class=\"more-link\" href=\"https:\/\/www.survival.edu.pl\/wp-index.php\/?page_id=871\">Czytaj dalej <span class=\"meta-nav\">&rarr;<\/span><\/a><\/p>\n","protected":false},"author":2,"featured_media":0,"parent":385,"menu_order":100,"comment_status":"closed","ping_status":"closed","template":"","meta":[],"_links":{"self":[{"href":"https:\/\/www.survival.edu.pl\/wp-index.php\/index.php?rest_route=\/wp\/v2\/pages\/871"}],"collection":[{"href":"https:\/\/www.survival.edu.pl\/wp-index.php\/index.php?rest_route=\/wp\/v2\/pages"}],"about":[{"href":"https:\/\/www.survival.edu.pl\/wp-index.php\/index.php?rest_route=\/wp\/v2\/types\/page"}],"author":[{"embeddable":true,"href":"https:\/\/www.survival.edu.pl\/wp-index.php\/index.php?rest_route=\/wp\/v2\/users\/2"}],"replies":[{"embeddable":true,"href":"https:\/\/www.survival.edu.pl\/wp-index.php\/index.php?rest_route=%2Fwp%2Fv2%2Fcomments&post=871"}],"version-history":[{"count":59,"href":"https:\/\/www.survival.edu.pl\/wp-index.php\/index.php?rest_route=\/wp\/v2\/pages\/871\/revisions"}],"predecessor-version":[{"id":7291,"href":"https:\/\/www.survival.edu.pl\/wp-index.php\/index.php?rest_route=\/wp\/v2\/pages\/871\/revisions\/7291"}],"up":[{"embeddable":true,"href":"https:\/\/www.survival.edu.pl\/wp-index.php\/index.php?rest_route=\/wp\/v2\/pages\/385"}],"wp:attachment":[{"href":"https:\/\/www.survival.edu.pl\/wp-index.php\/index.php?rest_route=%2Fwp%2Fv2%2Fmedia&parent=871"}],"curies":[{"name":"wp","href":"https:\/\/api.w.org\/{rel}","templated":true}]}}