{"id":4437,"date":"2016-12-21T13:53:23","date_gmt":"2016-12-21T11:53:23","guid":{"rendered":"http:\/\/www.survival.edu.pl\/wp-index.php\/?page_id=4437"},"modified":"2016-12-21T13:53:44","modified_gmt":"2016-12-21T11:53:44","slug":"jamo","status":"publish","type":"page","link":"https:\/\/www.survival.edu.pl\/wp-index.php\/?page_id=4437","title":{"rendered":"Jamo"},"content":{"rendered":"<p>Jamo jest szcz\u0119\u015bliwy, jak mu si\u0119 da chochl\u0119, kocio\u0142 i ca\u0142\u0105 kuchni\u0119. Nie by\u0142 sta\u0142ym, regularnym &#8222;moim ludziem&#8221;&#8230; ale by\u0142. I nikt si\u0119 nie dziwi. A ja nie mia\u0142em nic do gadania.<\/p>\n<p>Jamo ma wiele ksywek. Najwa\u017cniejsza to chyba &#8222;Yamamoto&#8221;, ale mog\u0119 si\u0119 myli\u0107.<\/p>\n","protected":false},"excerpt":{"rendered":"<p>Jamo jest szcz\u0119\u015bliwy, jak mu si\u0119 da chochl\u0119, kocio\u0142 i ca\u0142\u0105 kuchni\u0119. Nie by\u0142 sta\u0142ym, regularnym &#8222;moim ludziem&#8221;&#8230; ale by\u0142. I nikt si\u0119 nie dziwi. A ja nie mia\u0142em nic do gadania. Jamo ma wiele ksywek. Najwa\u017cniejsza to chyba &#8222;Yamamoto&#8221;, &hellip; <a class=\"more-link\" href=\"https:\/\/www.survival.edu.pl\/wp-index.php\/?page_id=4437\">Czytaj dalej <span class=\"meta-nav\">&rarr;<\/span><\/a><\/p>\n","protected":false},"author":2,"featured_media":0,"parent":4330,"menu_order":10,"comment_status":"closed","ping_status":"closed","template":"","meta":[],"_links":{"self":[{"href":"https:\/\/www.survival.edu.pl\/wp-index.php\/index.php?rest_route=\/wp\/v2\/pages\/4437"}],"collection":[{"href":"https:\/\/www.survival.edu.pl\/wp-index.php\/index.php?rest_route=\/wp\/v2\/pages"}],"about":[{"href":"https:\/\/www.survival.edu.pl\/wp-index.php\/index.php?rest_route=\/wp\/v2\/types\/page"}],"author":[{"embeddable":true,"href":"https:\/\/www.survival.edu.pl\/wp-index.php\/index.php?rest_route=\/wp\/v2\/users\/2"}],"replies":[{"embeddable":true,"href":"https:\/\/www.survival.edu.pl\/wp-index.php\/index.php?rest_route=%2Fwp%2Fv2%2Fcomments&post=4437"}],"version-history":[{"count":1,"href":"https:\/\/www.survival.edu.pl\/wp-index.php\/index.php?rest_route=\/wp\/v2\/pages\/4437\/revisions"}],"predecessor-version":[{"id":4438,"href":"https:\/\/www.survival.edu.pl\/wp-index.php\/index.php?rest_route=\/wp\/v2\/pages\/4437\/revisions\/4438"}],"up":[{"embeddable":true,"href":"https:\/\/www.survival.edu.pl\/wp-index.php\/index.php?rest_route=\/wp\/v2\/pages\/4330"}],"wp:attachment":[{"href":"https:\/\/www.survival.edu.pl\/wp-index.php\/index.php?rest_route=%2Fwp%2Fv2%2Fmedia&parent=4437"}],"curies":[{"name":"wp","href":"https:\/\/api.w.org\/{rel}","templated":true}]}}