{"id":38,"date":"2012-09-24T17:30:15","date_gmt":"2012-09-24T17:30:15","guid":{"rendered":"http:\/\/www.survival.edu.pl\/wp-index.php\/?page_id=38"},"modified":"2021-01-19T21:37:15","modified_gmt":"2021-01-19T19:37:15","slug":"spotkanie","status":"publish","type":"page","link":"https:\/\/www.survival.edu.pl\/wp-index.php\/?page_id=38","title":{"rendered":"Definicje"},"content":{"rendered":"<h4><span style=\"color: #ffcc99;\">Zanim cokolwiek wspomn\u0119 o definicjach pragn\u0119 okre\u015bli\u0107 moj\u0105 wizj\u0119 survivalu w postaci &#8222;ludzkiej&#8221; definicji:<\/span><br \/>\n<span style=\"color: #ffcc99;\">&#8222;Cz\u0142owiek mo\u017ce stan\u0105\u0107 wobec 1)<\/span> <span style=\"color: #ff6600;\">typowych trud\u00f3w \u017cycia<\/span> <span style=\"color: #ffcc99;\">lub<\/span> <span style=\"color: #ffcc99;\">2)<\/span> <span style=\"color: #ff6600;\">dramatycznie ci\u0119\u017ckich wydarze\u0144<\/span><span style=\"color: #ffcc99;\">; jedni nie radz\u0105 sobie z p. 1, drudzy z p. 2; inni nie radz\u0105 sobie z p. 1, ale b\u0119d\u0105 doskonali w p. 2<\/span><span style=\"color: #ffcc99;\"> i <em>vice versa<\/em><\/span><span style=\"color: #ffcc99;\">. Ka\u017cde takie przetrwanie nazw\u0119 osobist\u0105 sytuacj\u0105 survivalow\u0105 \u2014 przetrwaniem niemo\u017cliwego. I to jest survival.<\/span><\/h4>\n<h4><span style=\"color: #ffcc99;\">Zajmowanie si\u0119 survivalem (to, co ja robi\u0119) jest\u00a0 poznawaniem, rozumieniem i \u0107wiczeniem tego wszystkiego, co pozwoli mi przetrwa\u0107 wszelakie trudy; dotyczy to na pewno opanowania technik, ale si\u0142a b\u0119dzie ukryta przede wszystkim w mojej wiedzy, do\u015bwiadczeniu i rozumieniu w\u0142asnych dzia\u0142a\u0144 (psychiki). I to te\u017c nazw\u0119 survivalem, cho\u0107 ju\u017c bez rozwijania, \u017ce to s\u0105 w\u0142a\u015bciwie wprawki. Ale&#8230; bez owej psychiki b\u0119dziesz tylko technikiem&#8230;&#8221;<\/span><\/h4>\n<hr \/>\n<h3 style=\"text-align: justify;\"><span style=\"color: #ff9900;\"><strong>Po co s\u0105 definicje?<\/strong><\/span><\/h3>\n<p style=\"text-align: justify;\">Ze szko\u0142y przej\u0119li\u015bmy\u00a0niech\u0119\u0107 do definicji, a definicje\u00a0s\u0105 po to, aby\u015bmy na pewno wiedzieli o czym rozmawiamy. Trzeba po prostu ustali\u0107 poj\u0119cia, aby nie wysz\u0142o, \u017ce kiedy ja gram w szachy, to Ty akurat \u2014\u00a0w warcaby \u2014 jednocze\u015bnie,\u00a0 na tej samej planszy, ze mn\u0105.\u00a0Definicje s\u0105 jak ustalenie, czy stosujemy ruch prawostronny, czy lewostronny. Zaufanie do tego, \u017ce trzymamy si\u0119 tej samej wizji, pozwala na wi\u0119cej \u2014\u00a0nie musimy si\u0119 nieustannie skupia\u0107 na unikaniu kolizji.<\/p>\n<p style=\"text-align: justify;\"><a href=\"http:\/\/www.goldenline.pl\/grupy\/Sport_i_rekreacja\/sztuka-przetrwania\/kiedy-survival-jest-survivalem,185247\/\" target=\"_blank\" rel=\"noopener noreferrer\">Kiedy survival JEST survivalem?<\/a><\/p>\n<p style=\"text-align: justify;\">Definicja survivalu skupia si\u0119 \u2014 najpro\u015bciej rzecz ujmuj\u0105c \u2014 na d\u0105\u017ceniu drog\u0105 \u017cycia i unikaniu kolizji.\u00a0<strong>\u017bycie zale\u017cne jest wy\u0142\u0105cznie od tego, \u017ce si\u0119 nieustannie kr\u0119cisz ko\u0142o jego utrzymania. Ale&#8230; je\u015bli masz czas\u00a0na swoje sprawy \u2014 opr\u00f3cz klasycznej pory regeneracji \u2014\u00a0koniecznie po\u015bwi\u0119\u0107 je na samodoskonalenie. To s\u0142u\u017cy przetrwaniu. Tak definiuj\u0105 survival wszyscy.\u00a0<\/strong>Na pocz\u0105tek dwie opowie\u015bci, obie z 2011 roku:<\/p>\n<p>Pierwsza \u2014 <span style=\"color: #ff9900;\">Gerarda Sawickiego<\/span> (radiowa Jedynka)&#8230;<\/p>\n<!--[if lt IE 9]><script>document.createElement('audio');<\/script><![endif]-->\n<audio class=\"wp-audio-shortcode\" id=\"audio-38-1\" preload=\"none\" style=\"width: 100%;\" controls=\"controls\"><source type=\"audio\/mpeg\" src=\"http:\/\/www.survival.edu.pl\/wp-content\/uploads\/Survival-Gerard-Sawicki-Jedynka.mp3?_=1\" \/><a href=\"http:\/\/www.survival.edu.pl\/wp-content\/uploads\/Survival-Gerard-Sawicki-Jedynka.mp3\">http:\/\/www.survival.edu.pl\/wp-content\/uploads\/Survival-Gerard-Sawicki-Jedynka.mp3<\/a><\/audio>\n<p>druga \u2014 <span style=\"color: #ff9900;\">Adama 'Borata&#8217; Boraty\u0144skieg<\/span>o (radiowa Czw\u00f3rka)<\/p>\n<audio class=\"wp-audio-shortcode\" id=\"audio-38-2\" preload=\"none\" style=\"width: 100%;\" controls=\"controls\"><source type=\"audio\/mpeg\" src=\"http:\/\/www.survival.edu.pl\/wp-content\/uploads\/Survival-Adam-Borat-Boratynski-Czworka-2011.mp3?_=2\" \/><a href=\"http:\/\/www.survival.edu.pl\/wp-content\/uploads\/Survival-Adam-Borat-Boratynski-Czworka-2011.mp3\">http:\/\/www.survival.edu.pl\/wp-content\/uploads\/Survival-Adam-Borat-Boratynski-Czworka-2011.mp3<\/a><\/audio>\n<hr \/>\n<p style=\"text-align: justify;\"><img loading=\"lazy\" class=\"alignleft wp-image-3292\" src=\"http:\/\/www.survival.edu.pl\/wp-content\/uploads\/DSC_4216.jpg\" alt=\"DSC_4216\" width=\"379\" height=\"662\" \/>Poni\u017cej \u2014\u00a0moje definicje. Nie jest to takie wa\u017cne czy s\u0105 \u00a0ones komplikowane, wa\u017cne jest \u2014 czy zrozumia\u0142e. Jedn\u0105 z\u00a0nich z\u00a0rado\u015bci\u0105 przyj\u0119li akademicy jednej ze szk\u00f3\u0142 wy\u017cszych oraz\u00a0go\u015bcie zaproszeni na konferencj\u0119 dotycz\u0105c\u0105 survivalu, bowiem definicja ta za\u0142atwi\u0142a (przez swoj\u0105 formu\u0142\u0119) dla tych, co mieli sta\u0107 si\u0119\u00a0instruktorami\/trenerami survivalu kwestie praktyczne\u00a0(a potem i tak uwolniono t\u0119 profesj\u0119).<\/p>\n<p style=\"text-align: justify;\">Najprostsz\u0105 definicj\u0105 dla survivalu jest okre\u015blenie go mianem <span style=\"color: #ff9900;\">samoratownictwa <\/span>(to samo, co autoratownictwo) \u00a9<\/p>\n<p style=\"text-align: justify;\"><span style=\"color: #ffffff;\">Survival jest dziedzin\u0105 dzia\u0142alno\u015bci cz\u0142owieka skierowan\u0105 na ochron\u0119 samego siebie jako jednostki, gatunku, ale tak\u017ce \u2014 w\u0142asnego <em>habitatu<\/em>, czyli\u00a0szeroko rozumianego \u015brodowiska spo\u0142ecznego i przyrodniczego<\/span> \u00a9<\/p>\n<p style=\"text-align: justify;\">Na survival sk\u0142ada si\u0119 zesp\u00f3\u0142 postaw i \u015bwiadomych zabieg\u00f3w przygotowuj\u0105cych do przetrwania oraz s\u0142u\u017c\u0105cych przetrwaniu w przewidywanych trudnych i skrajnie trudnych sytuacjach. Survival jest sztuk\u0105 dostosowywania samego siebie do warunk\u00f3w zewn\u0119trznych oraz sztuk\u0105 dostosowywania warunk\u00f3w zewn\u0119trznych do swoich potrzeb. Przydatno\u015b\u0107 sw\u0105 okazuje zw\u0142aszcza wtedy, gdy dotyczy to sytuacji nietypowych, nag\u0142ych i gro\u017anych, zw\u0142aszcza wobec braku podstawowych \u015brodk\u00f3w do \u017cycia oraz narz\u0119dzi \u00a9\u00a0\u2014<span style=\"color: #ffff99;\">\u00a0<\/span><a href=\"http:\/\/pl.wikipedia.org\/wiki\/Sztuka_przetrwania\">Wikipedia<\/a><\/p>\n<hr width=\"50%\" \/>\n<p style=\"text-align: justify;\">Musz\u0119 wyzna\u0107, \u017ce nie przychodzi mi \u0142atwo napisa\u0107 nast\u0119puj\u0105ce s\u0142owa:<br \/>\npodstawowymi motorami istnienia organizm\u00f3w \u017cywych s\u0105 <span style=\"color: #ff9900;\">przetrwanie<\/span> i <span style=\"color: #ff9900;\">prokreacja<\/span>. Dzi\u0119ki temu ka\u017cdy gatunek zapewnia sobie ci\u0105g\u0142o\u015b\u0107 istnienia. Gatunek ludzki wykreowa\u0142 zast\u0119pcze formy prokreacji \u2014 pr\u00f3cz typowego rozrodu utworzy\u0142 formy materialne i duchowe. W ten spos\u00f3b pozostawia po sobie wspania\u0142e budowle i\u00a0konstrukcje, a tak\u017ce dzie\u0142a ludzkiej my\u015bli tw\u00f3rczej: ksi\u0105\u017cki, obrazy, muzyk\u0119, itp.<\/p>\n<p style=\"text-align: justify;\">Przetrwanie jest naszym pierwszym podstawowym zadaniem. W ramach naszego przetrwania tworzymy rozmaite formy, a wi\u0119c piszemy ksi\u0105\u017cki, malujemy obrazy, albo\/i dzia\u0142amy na rzecz naszego ulokowania w rzeczywisto\u015bci. Chcemy mi\u0119dzy innymi czu\u0107 zwi\u0105zek z innymi lud\u017ami oraz z natur\u0105. Bez zb\u0119dnych zabieg\u00f3w wyja\u015bni\u0119 do czego d\u0105\u017c\u0119. W ramach ulokowania w rzeczywisto\u015bci otwieramy przed sob\u0105 i dla siebie takie rodzaje dzia\u0142alno\u015bci, kt\u00f3re spe\u0142niaj\u0105 nasze potrzeby. W ten spos\u00f3b dochodzimy do naszego ci\u0105gu, aby wi\u0105za\u0107 si\u0119 i z lud\u017ami i z natur\u0105. Czy wsp\u00f3lne zajmowanie si\u0119 podr\u00f3\u017cami oraz poznawanie funkcjonowania \u015bwiata temu s\u0142u\u017c\u0105? Jak najbardziej. A\u00a0uprawianie buszkraftu? Tak\u017ce.<\/p>\n<p style=\"text-align: justify;\">M\u00f3wi\u0105c o przetrwaniu mamy zatem na my\u015bli survival, ale nie ten sprowadzony do zespo\u0142u technik, lecz ten polegaj\u0105cy na doprowadzeniu swojego sposobu my\u015blenia ku ogarni\u0119ciu poznania i zrozumienia mo\u017cliwie wielu element\u00f3w, kt\u00f3re przetrwanie zapewniaj\u0105. Survival w tej postaci zawiera w sobie i takie dzia\u0142ania czy formy funkcjonowania, jak ratownictwo, podr\u00f3\u017ce, psychologi\u0119, skauting wraz z buszkraftem, ale i codzienne spotkania z lud\u017ami, rozumienie prawide\u0142 ruchu drogowego, wiedza o gwa\u0142townych przemianach pogodowych, a tak\u017ce&#8230; wychowywanie swoich dzieci i szkolenie innych do sztuki przetrwania.<\/p>\n<p>Dziwi ten ostatnie element? A je\u015bli powiem, \u017ce nasze \u017cycie mo\u017ce zosta\u0107 ocalone cho\u0107by dlatego, \u017ce po naszej planecie chodz\u0105 ludzie wyszkoleni w ratownictwie oraz w bezpiecznym poruszaniu si\u0119 po drogach?<\/p>\n<p>Czy te informacje uzupe\u0142niaj\u0105 jako\u015b definicj\u0119 survivalu?<\/p>\n<hr width=\"50%\" \/>\n<p style=\"text-align: justify;\">I jeszcze fragment audycji, w kt\u00f3rej m\u00f3wi <span style=\"color: #ff9900;\">\u0141ukasz Tulej<\/span>. To nie\u017ale trafiaj\u0105ca do \u015bwiadomo\u015bci opowie\u015b\u0107:<\/p>\n<audio class=\"wp-audio-shortcode\" id=\"audio-38-3\" preload=\"none\" style=\"width: 100%;\" controls=\"controls\"><source type=\"audio\/mpeg\" src=\"http:\/\/www.survival.edu.pl\/wp-content\/uploads\/Tulej-prepersi-SPSS-marzec-2015.mp3?_=3\" \/><a href=\"http:\/\/www.survival.edu.pl\/wp-content\/uploads\/Tulej-prepersi-SPSS-marzec-2015.mp3\">http:\/\/www.survival.edu.pl\/wp-content\/uploads\/Tulej-prepersi-SPSS-marzec-2015.mp3<\/a><\/audio>\n<p>_____________________________________<\/p>\n<h3>Survival \u2014\u00a0the type of human activity<\/h3>\n<p><span style=\"color: #ffcc00;\">The simplest definition for &#8222;survival&#8221; is \u2014 &#8222;self rescue&#8221; \u00a9<\/span><\/p>\n<p style=\"text-align: justify;\"><span style=\"color: #ffffff;\">&#8222;Survival&#8221; is an area of human activity aimed at protecting himself as an individual species, but also \u2014 their own habitat, which is broadly defined social and natural environment \u00ae<\/span><\/p>\n<p style=\"text-align: justify;\"><span style=\"color: #ffcc00;\">On the &#8222;survival&#8221; consists of a set of attitudes and conscious procedures to prepare for survival (live, to be), and aimed at the survival of the anticipated difficult and extremely difficult situations. Survival is the art of adapting himself to the external conditions and the art of adapting external conditions for basic human needs. It is useful especially when it concerns the situation unusual, sudden and dangerous, especially in the absence of basic necessities of life, and tools.<\/span><\/p>\n<hr \/>\n<p style=\"text-align: justify;\">Podstawowy survival to narz\u0119dzia, techniki, trening. Odnosi si\u0119 do my\u015blenia konkretnego, kt\u00f3rym pos\u0142uguje si\u0119 ka\u017cdy cz\u0142owiek. Survival dla zaawansowanych przenosi si\u0119 w sfery <span style=\"color: #ff9900;\">my\u015blenia abstrakcyjnego<\/span><span style=\"color: #ffff99;\">. <\/span>Ono pozwala nie tylko ogarnia\u0107 ca\u0142o\u015bciowo ca\u0142\u0105 wiedz\u0119 oraz rozumie\u0107 jej powi\u0105zania (holizm), ale prowadzi do poznawania cz\u0142owieka w spos\u00f3b zr\u00f3wnowa\u017cony, bez ideologicznych nak\u0142adek. To tutaj mog\u0105 zachodzi\u0107 cz\u0142owiecze przemiany&#8230;<\/p>\n<p>Chcesz pozna\u0107 wi\u0119cej o survivalu? Proponuj\u0119 nast\u0119puj\u0105ce linki:<br \/>\n<span style=\"text-decoration: underline;\"><a title=\"Moja stara strona - pierwsza w Polsce o tej tematyce\" href=\"http:\/\/www.survival.infocentrum.com\/\" target=\"_blank\" rel=\"noopener noreferrer\">Survival dla wszystkich<\/a><\/span> \/\u00a0Moja stara strona \u2014\u00a0pierwsza w Polsce o tej tematyce<br \/>\n<span style=\"text-decoration: underline;\"><a title=\"Druga sta\u017cem, bardzo wa\u017cna strona\" href=\"http:\/\/www.zielonakuchnia.prv.pl\/\" target=\"_blank\" rel=\"noopener noreferrer\">Zielona kuchnia<\/a><\/span>\u00a0\/ Druga sta\u017cem, bardzo wa\u017cna strona <span style=\"color: #ff9900;\">Bogdana Ja\u015bkiewicza <span style=\"color: #999999;\"><em>(niestety \u2014 znikn\u0119\u0142a)<\/em><\/span><\/span><br \/>\n<a title=\"Universal Survival\" href=\"http:\/\/universalsurvival.pl\/blog\/\" target=\"_blank\" rel=\"noopener noreferrer\"><span style=\"text-decoration: underline;\">Universal Survival<\/span><\/a>\u00a0\/ Strona <span style=\"color: #ff9900;\">Kuby Dorosza<\/span><br \/>\n<span style=\"text-decoration: underline;\"><a title=\"Bushcraft survival\" href=\"http:\/\/www.quinox.net\/\" target=\"_blank\" rel=\"noopener noreferrer\">BUSHCRAFT SURVIVAL<\/a>\u00a0<\/span>\/ Strona <span style=\"color: #ff9900;\">Sergiusza Boreckiego<\/span><\/p>\n<hr width=\"50%\" \/>\n<p><a title=\"Strona Stowarzyszenia Polska Szko\u0142a Surwiwalu\" href=\"http:\/\/surwiwal.edu.pl\/\" target=\"_blank\" rel=\"noopener noreferrer\"><span style=\"text-decoration: underline;\">Strona Stowarzyszenia Polska Szko\u0142a Surwiwalu<\/span><br \/>\n<\/a><span style=\"text-decoration: underline;\"><a title=\"Facebook - SPSS\" href=\"https:\/\/www.facebook.com\/pages\/Stowarzyszenie-Polska-Szko%C5%82a-Surwiwalu\/263901316964694?ref=hl&amp;ref_type=bookmark\" target=\"_blank\" rel=\"noopener noreferrer\">Facebook \u2014\u00a0SPSS<\/a><\/span><br \/>\n<span style=\"text-decoration: underline;\"><a title=\"Facebook - info o Surwiwaliach 2014\" href=\"https:\/\/www.facebook.com\/surwiwalia\/\" target=\"_blank\" rel=\"noopener noreferrer\">Facebook \u2014\u00a0info o Surwiwaliach<\/a><\/span><\/p>\n<hr width=\"50%\" \/>\n<p>e-magazyn <span style=\"text-decoration: underline;\"><a href=\"http:\/\/www.survivall.pl\/\" target=\"_blank\" rel=\"noopener noreferrer\">SurvivAll<\/a><\/span> \u0142\u0105cz\u0105cy wszystkich &#8230;<strong> <span style=\"color: #ff0000;\">nie klikajcie, to by\u0142a EFEMERYDA.<\/span><\/strong><\/p>\n","protected":false},"excerpt":{"rendered":"<p>Zanim cokolwiek wspomn\u0119 o definicjach pragn\u0119 okre\u015bli\u0107 moj\u0105 wizj\u0119 survivalu w postaci &#8222;ludzkiej&#8221; definicji: &#8222;Cz\u0142owiek mo\u017ce stan\u0105\u0107 wobec 1) typowych trud\u00f3w \u017cycia lub 2) dramatycznie ci\u0119\u017ckich wydarze\u0144; jedni nie radz\u0105 sobie z p. 1, drudzy z p. 2; inni nie &hellip; <a class=\"more-link\" href=\"https:\/\/www.survival.edu.pl\/wp-index.php\/?page_id=38\">Czytaj dalej <span class=\"meta-nav\">&rarr;<\/span><\/a><\/p>\n","protected":false},"author":2,"featured_media":0,"parent":0,"menu_order":10,"comment_status":"closed","ping_status":"closed","template":"","meta":[],"_links":{"self":[{"href":"https:\/\/www.survival.edu.pl\/wp-index.php\/index.php?rest_route=\/wp\/v2\/pages\/38"}],"collection":[{"href":"https:\/\/www.survival.edu.pl\/wp-index.php\/index.php?rest_route=\/wp\/v2\/pages"}],"about":[{"href":"https:\/\/www.survival.edu.pl\/wp-index.php\/index.php?rest_route=\/wp\/v2\/types\/page"}],"author":[{"embeddable":true,"href":"https:\/\/www.survival.edu.pl\/wp-index.php\/index.php?rest_route=\/wp\/v2\/users\/2"}],"replies":[{"embeddable":true,"href":"https:\/\/www.survival.edu.pl\/wp-index.php\/index.php?rest_route=%2Fwp%2Fv2%2Fcomments&post=38"}],"version-history":[{"count":135,"href":"https:\/\/www.survival.edu.pl\/wp-index.php\/index.php?rest_route=\/wp\/v2\/pages\/38\/revisions"}],"predecessor-version":[{"id":7696,"href":"https:\/\/www.survival.edu.pl\/wp-index.php\/index.php?rest_route=\/wp\/v2\/pages\/38\/revisions\/7696"}],"wp:attachment":[{"href":"https:\/\/www.survival.edu.pl\/wp-index.php\/index.php?rest_route=%2Fwp%2Fv2%2Fmedia&parent=38"}],"curies":[{"name":"wp","href":"https:\/\/api.w.org\/{rel}","templated":true}]}}