{"id":3012,"date":"2016-01-06T13:17:05","date_gmt":"2016-01-06T11:17:05","guid":{"rendered":"http:\/\/www.survival.edu.pl\/wp-index.php\/?page_id=3012"},"modified":"2016-11-30T21:09:30","modified_gmt":"2016-11-30T19:09:30","slug":"podstawy","status":"publish","type":"page","link":"https:\/\/www.survival.edu.pl\/wp-index.php\/?page_id=3012","title":{"rendered":"Podstawy"},"content":{"rendered":"<p style=\"text-align: justify;\">Nie, nikogo nie zamierzam obra\u017ca\u0107, je\u015bli\u00a0zaczn\u0119 tu pisa\u0107 od samiute\u0144kich podstaw. Bo mo\u017cecie poczu\u0107 si\u0119 nieswojo, kiedy zaczn\u0119 wyja\u015bnia\u0107\u00a0co\u015b na podobie\u0144stwo &#8222;przekonywania, \u017ce ogie\u0144 oznacza wysokie temperatury&#8221;. Tymczasem moje do\u015bwiadczenie powiada, \u017ce ludzie s\u0105 r\u00f3\u017cni w tak niezwyk\u0142y spos\u00f3b, \u017ce nie mo\u017cna przyjmowa\u0107 pogl\u0105du, \u017ce moje standardy s\u0105 ich standardami, podobnie jak moje przekonania, skojarzenia i wiedza&#8230;<\/p>\n<p style=\"text-align: justify;\">Na pewno przekona\u0142em si\u0119 o tym w dosadny spos\u00f3b, gdy le\u017ca\u0142em w namiocie wychylony na zewn\u0105trz i w ramach sjesty czyta\u0142em ksi\u0105\u017ck\u0119. Podszed\u0142 do mnie ch\u0142opak, kt\u00f3ry w\u0142a\u015bnie zajmowa\u0142 si\u0119 robieniem obiadu i potrzebowa\u0142 mojej wiedzy dla stwierdzenia, \u017ce ziemniaki s\u0105 dogotowane. Podsun\u0105\u0142 mi garnek pod nos i poczeka\u0142 a\u017c d\u017agn\u0119 zawarto\u015b\u0107 widelcem. Stwierdzi\u0142em, \u017ce ziemniaki s\u0105 gotowe i mo\u017cna je teraz odcedzi\u0107. Zrobi\u0142 to natychmiast, tu\u017c przed moj\u0105 twarz\u0105 (ograniczaj\u0105c pole widzenia par\u0105 i nieco zatykaj\u0105c oddech), za\u015b wch\u00f3d do mego namiotu sta\u0142 si\u0119 zwyk\u0142ym b\u0142otem&#8230; Szcz\u0119\u015bliwie zd\u0105\u017cy\u0142em usun\u0105\u0107\u00a0ksi\u0105\u017ck\u0119 z pola ra\u017cenia.<\/p>\n<hr \/>\n<p style=\"text-align: justify;\"><span style=\"color: #ff9900;\">Podstaw\u0105 jest okre\u015blenie, co jest chronionym obiektem w ramach sztuki przetrwania?<\/span> Odpowiesz, \u017ce \u017cycie i b\u0119dziesz mia\u0142 racj\u0119. Jeste\u015b zatem zadowolony (mimo, \u017ce pytanie i odpowied\u017a traktujesz jako bana\u0142). Nie zada\u0142e\u015b jednak drugiego pytania : <span style=\"color: #ffffff;\">&#8222;Jakie \u017cycie?&#8221;<\/span><\/p>\n<p style=\"text-align: justify;\">By odpowiedzie\u0107 na drugie pytanie, musisz dokona\u0107 ogl\u0105du ludzkiego \u017cycia jako takiego i doj\u015b\u0107 do wniosku, \u017ce mo\u017ce ono mie\u0107 wiele form. \u017bycie w charakterze &#8222;warzywa&#8221; pod\u0142\u0105czonego do rozmaitych urz\u0105dze\u0144, na przyk\u0142ad sztucznego p\u0142uca czy serca, to&#8230; jednak \u017cycie.<\/p>\n<p style=\"text-align: justify;\"><span style=\"color: #ff9900;\">Jaka wersja \u017bYCIA interesuje Ciebie, Survivalowcze?<\/span> Masz tu bowiem do czynienia z <span style=\"color: #ff9900;\">atrybucj\u0105<\/span>, czyli prostym wyja\u015bnianiem zjawisk (w tym \u2014 \u017cycia) w ramach w\u0142asnych, osobistych teorii w ramach w\u0142asnego zdrowego rozs\u0105dku. W\u0142asne \u017cycie nigdy nie wpakowa\u0142o Ci\u0119 do ko\u0144ca w takie sytuacje, kt\u00f3re w jednym momencie rozwala\u0142y Twoje osobiste teorie, wizje i pojmowanie \u017cycia. A bywaj\u0105 okoliczno\u015bci, przy kt\u00f3rych nawet nie zauwa\u017casz, jak to wszystko rozpada si\u0119 w Tobie po trochu, powoli, jak tkanka rakowa.<\/p>\n<p style=\"text-align: justify;\">Zupe\u0142nie innym aspektem jest zauwa\u017cenie w\u015br\u00f3d niesko\u0144czonej masy wiedzy ludzkiej tych w\u0142a\u015bnie element\u00f3w, kt\u00f3re b\u0119d\u0105 naprawd\u0119 przydatne dla w\u0142asnego ocalenia (cho\u0107by w ramach treningu) tu i teraz. Bo ka\u017cda sytuacja ma swoje priorytety, a w ich ramach swoje niepowtarzalne <span style=\"color: #ffffff;\"><em>modus operandi<\/em><\/span>. Mo\u017cna przecie\u017c wszystkie sytuacje potraktowa\u0107 dok\u0142adnie tak, jak zdarza si\u0119 niekt\u00f3rym przy gaszeniu po\u017caru substancji \u0142atwopalnych, eterycznych \u2014 przez zalanie ich wod\u0105&#8230; A co, nie zdarza si\u0119 tak mo\u017ce? Przecie\u017c ka\u017cdemu wiadomo, \u017ce woda jest \u015brodkiem ga\u015bniczym.<\/p>\n<p style=\"text-align: justify;\">Hola hola&#8230; nie nale\u017cy si\u0119 teraz obrusza\u0107 i prycha\u0107, \u017ce wiesz doskonale, \u017ce takich po\u017car\u00f3w zalewa\u0107 wod\u0105 wr\u0119cz nie wolno. Ale w\u0142a\u015bnie przyk\u0142ad z wod\u0105 jest tym, kt\u00f3rego by\u0142em pewien, \u017ce b\u0119dzie \u2014 w zasadzie \u2014 zrozumiany przez wszystkich. Ma\u0142o kto wie jednak, \u017ce jednym z bardzo pospolitych b\u0142\u0119d\u00f3w jest ten zwi\u0105zany z d\u017awiganiem poszkodowanego w wypadku. Ludzka wiedza potoczna jest bowiem taka, \u017ce cz\u0142owieka chorego poznaje si\u0119 po tym, \u017ce le\u017cy. Wniosek \u2014 je\u015bli cz\u0142owieka doprowadzi si\u0119 do tego, \u017ce b\u0119dzie m\u00f3g\u0142 sta\u0107, b\u0119dzie mniej chory. Kto\u015b si\u0119 teraz \u015bmieje? No to odradzam \u2014 kiedy\u015b si\u0119 z tym spotkacie i b\u0119dziecie od razu wiedzie\u0107 o co chodzi&#8230; Bo to sprawa przetrwania.<\/p>\n<p style=\"text-align: justify;\">Przed laty zapisa\u0142em sobie pewn\u0105\u00a0my\u015bl i u\u017cywa\u0142em jej jako motto (dla znajomych):<br \/>\n<em><span style=\"color: #ffffff;\">Czasem cz\u0142owiek nie wie, \u017ce \u017cyje,\u00a0bo to takie banalne&#8230;<\/span><\/em><\/p>\n<hr width=\"50%\" \/>\n<p style=\"text-align: justify;\">Szcz\u0119\u015bliwie dla wielu ludzi podstawowy ratunek jednak odnosi si\u0119 do \u017cycia naszego cia\u0142a. Bez tego nie by\u0142oby szans zaj\u0105\u0107 si\u0119 ratowaniem \u017cycia duchowego i moralnego. Ku ich uldze b\u0119dzie mo\u017cna zaj\u0105\u0107 si\u0119 wszystkimi gad\u017cetami i technikami. To nawet \u015brednio zorganizowany umys\u0142 ogarnie. B\u0119dzie mo\u017cna od\u0142o\u017cy\u0107 na p\u00f3\u017aniej swoj\u0105 rol\u0119 w\u00a0tym \u017cyciu i zastanawianie si\u0119 nad jego sensem, swoje postawy wobec bli\u017anich, w\u0142asne \u015bwi\u0144stewka oraz pod\u0142o\u015bci \u2014 <span style=\"color: #ff9900;\">jako\u015b b\u0119dzie!<\/span><\/p>\n","protected":false},"excerpt":{"rendered":"<p>Nie, nikogo nie zamierzam obra\u017ca\u0107, je\u015bli\u00a0zaczn\u0119 tu pisa\u0107 od samiute\u0144kich podstaw. Bo mo\u017cecie poczu\u0107 si\u0119 nieswojo, kiedy zaczn\u0119 wyja\u015bnia\u0107\u00a0co\u015b na podobie\u0144stwo &#8222;przekonywania, \u017ce ogie\u0144 oznacza wysokie temperatury&#8221;. Tymczasem moje do\u015bwiadczenie powiada, \u017ce ludzie s\u0105 r\u00f3\u017cni w tak niezwyk\u0142y spos\u00f3b, \u017ce &hellip; <a class=\"more-link\" href=\"https:\/\/www.survival.edu.pl\/wp-index.php\/?page_id=3012\">Czytaj dalej <span class=\"meta-nav\">&rarr;<\/span><\/a><\/p>\n","protected":false},"author":2,"featured_media":0,"parent":57,"menu_order":10,"comment_status":"closed","ping_status":"closed","template":"","meta":[],"_links":{"self":[{"href":"https:\/\/www.survival.edu.pl\/wp-index.php\/index.php?rest_route=\/wp\/v2\/pages\/3012"}],"collection":[{"href":"https:\/\/www.survival.edu.pl\/wp-index.php\/index.php?rest_route=\/wp\/v2\/pages"}],"about":[{"href":"https:\/\/www.survival.edu.pl\/wp-index.php\/index.php?rest_route=\/wp\/v2\/types\/page"}],"author":[{"embeddable":true,"href":"https:\/\/www.survival.edu.pl\/wp-index.php\/index.php?rest_route=\/wp\/v2\/users\/2"}],"replies":[{"embeddable":true,"href":"https:\/\/www.survival.edu.pl\/wp-index.php\/index.php?rest_route=%2Fwp%2Fv2%2Fcomments&post=3012"}],"version-history":[{"count":19,"href":"https:\/\/www.survival.edu.pl\/wp-index.php\/index.php?rest_route=\/wp\/v2\/pages\/3012\/revisions"}],"predecessor-version":[{"id":4068,"href":"https:\/\/www.survival.edu.pl\/wp-index.php\/index.php?rest_route=\/wp\/v2\/pages\/3012\/revisions\/4068"}],"up":[{"embeddable":true,"href":"https:\/\/www.survival.edu.pl\/wp-index.php\/index.php?rest_route=\/wp\/v2\/pages\/57"}],"wp:attachment":[{"href":"https:\/\/www.survival.edu.pl\/wp-index.php\/index.php?rest_route=%2Fwp%2Fv2%2Fmedia&parent=3012"}],"curies":[{"name":"wp","href":"https:\/\/api.w.org\/{rel}","templated":true}]}}