{"id":250,"date":"2012-09-26T18:45:38","date_gmt":"2012-09-26T16:45:38","guid":{"rendered":"http:\/\/www.survival.edu.pl\/wp-index.php\/?page_id=250"},"modified":"2017-03-28T21:27:05","modified_gmt":"2017-03-28T19:27:05","slug":"krzywa-gaussa","status":"publish","type":"page","link":"https:\/\/www.survival.edu.pl\/wp-index.php\/?page_id=250","title":{"rendered":"Krzywa Gaussa"},"content":{"rendered":"<p style=\"text-align: justify;\">Poni\u017cej cytat ze strony <em><span style=\"color: #ffff99;\"><span style=\"color: #ffffff;\">\u2014<\/span><\/span><\/em> <em>http:\/\/bogdan.wordpress.com\/2009\/12\/19\/koledowanie-z-barankiem-czyli-rozklad-nienormalny<\/em> autorstwa Bogdana Misia <em><span style=\"color: #ffff99;\"><span style=\"color: #ffffff;\">\u2014<\/span><\/span><\/em> <a href=\"http:\/\/pl.wikipedia.org\/wiki\/Bogdan_Mi%C5%9B\">Wikipedia<\/a><\/p>\n<p style=\"text-align: justify;\"><em><span style=\"color: #ffff99;\"><span style=\"color: #ffffff;\">Nie, nie zwariowa\u0142em i nic mi si\u0119 nie pomyli\u0142o, jak si\u0119 za chwil\u0119 oka\u017ce. Ale najpierw dwa s\u0142owa o statystyce. Ot\u00f3\u017c \u2014\u00a0jak wiadomo \u2014 jest w przyrodzie co\u015b takiego, jak rozk\u0142ad normalny opisywany tzw. krzyw\u0105 Gaussa. Je\u015bli jaka\u015b cecha pewnej populacji ma \u00f3w rozk\u0142ad (a wyst\u0119puje on w tak wielu i tak r\u00f3\u017cnych miejscach, \u017ce musi by\u0107 w tym co\u015b g\u0142\u0119bszego\u2026), to \u2014\u00a0obliczywszy w niezbyt skomplikowany spos\u00f3b pewn\u0105 liczb\u0119, zwan\u0105 odchyleniem standardowym albo \u201csigm\u0105\u201d \u2014 mo\u017cna si\u0119 dowiedzie\u0107 o tej populacji paru ciekawych rzeczy. Mianowicie, \u017ce 68% mniej wi\u0119cej z jej cz\u0142onk\u00f3w oddala si\u0119 od \u015bredniej o sigm\u0119, oko\u0142o 14% o dwie sigmy i ok. 2% o trzy sigmy. Wyja\u015bnijmy to na przyk\u0142adzie.<\/span><br \/>\n<\/span><\/em><br \/>\n<em> <a href=\"http:\/\/www.survival.edu.pl\/wp-content\/uploads\/2012\/09\/gaussa.jpg\"><img loading=\"lazy\" class=\" wp-image-251 aligncenter\" title=\"gaussa\" src=\"http:\/\/www.survival.edu.pl\/wp-content\/uploads\/2012\/09\/gaussa.jpg\" alt=\"\" width=\"397\" height=\"279\" \/><\/a><span style=\"color: #ffffff;\">Na og\u00f3\u0142 wszyscy wiedz\u0105, co to jest iloraz inteligencji (Intelligence Quotient, IQ). Ot\u00f3\u017c jest to w pewien spos\u00f3b obliczana przez psycholog\u00f3w za pomoc\u0105 r\u00f3\u017cnych test\u00f3w liczba, charakteryzuj\u0105ca pono\u0107 inteligencj\u0119 cz\u0142owieka. \u015arednio dla ca\u0142ej ludzko\u015bci <span style=\"color: #ffff99;\">\u2014<\/span> tak j\u0105 zdefiniowano <span style=\"color: #ffff99;\">\u2014<\/span> wynosi ona 100. No i poniewa\u017c zauwa\u017cono, \u017ce IQ ma w\u0142a\u015bnie rozk\u0142ad normalny, za\u015b sigma (mniejsza o to, dlaczego) wynosi w tym wypadku 15, to ju\u017c wiemy wszystko: 68% z nas ma IQ mi\u0119dzy 85 a 115, 14% ma IQ mi\u0119dzy 116 a 130 i tyle samo mi\u0119dzy 70 a 84, wreszcie po 2% za\u0142apuje si\u0119 na IQ powy\u017cej 131 lub poni\u017cej 69. Innymi s\u0142owy <span style=\"color: #ffff99;\">\u2014<\/span> 68% z nas to \u201cnormalsi\u201d, po 14% licz\u0105 sobie ciut m\u0105drzejsi i ciut g\u0142upsi (powiedzmy: przeci\u0119tni inteligenci i \u201ckarczychy\u201d), po 2% <span style=\"color: #ffff99;\">\u2014<\/span> geniusze i cofni\u0119ci umys\u0142owo.<\/span><\/em><\/p>\n<p style=\"text-align: justify;\"><span style=\"color: #ffffff;\"><em>Wszystko zosta\u0142o nie\u017ale wyt\u0142umaczone, chocia\u017c artyku\u0142 Kol\u0119dowanie z barankiem, czyli rozk\u0142ad nienormalny dotyczy\u0142 zupe\u0142nie innych spraw ni\u017c nasza (cho\u0107 niekoniecznie).<\/em><\/span><\/p>\n<div style=\"text-align: justify;\" align=\"center\">\n<hr align=\"center\" size=\"2\" width=\"100%\" \/>\n<\/div>\n<p style=\"text-align: justify;\"><a href=\"http:\/\/www.survival.edu.pl\/wp-content\/uploads\/2012\/09\/need-head.jpg\"><img loading=\"lazy\" class=\"alignleft\" title=\"caput indigebat\" src=\"http:\/\/www.survival.edu.pl\/wp-content\/uploads\/2012\/09\/need-head-150x150.jpg\" alt=\"potrzebna g\u0142owa\" width=\"58\" height=\"58\" \/><\/a><\/p>\n<p style=\"text-align: justify;\">Krzywa Gaussa pokazuje nam, \u017ce konkretny przypadek (mo\u017ce nasz) jest umieszczony w konkretnym miejscu powierzchni okre\u015blonej krzyw\u0105. Najwi\u0119ksza jest liczebno\u015b\u0107 przypadk\u00f3w, kt\u00f3re uznajemy za &#8222;\u015brednie&#8221;, &#8222;przeci\u0119tne&#8221;. To przedzia\u0142 \u015brodkowy &#8222;kapelusza&#8221;. Wszelkie odej\u015bcia od przeci\u0119tnej <em>\u2014<\/em> to miejsca na obrze\u017cach, kt\u00f3re tu mo\u017cemy nazwa\u0107 &#8222;rondem kapelusza&#8221;.<\/p>\n<p style=\"text-align: justify;\">Je\u017celi o\u015b X b\u0119dzie oznacza\u0107 cech\u0119 &#8222;zdolno\u015b\u0107 przetrwania w ci\u0119\u017ckich warunkach&#8221;, o\u015b <em>\u2014<\/em> tu nazwana f(X) <em>\u2014<\/em> okre\u015bla liczebno\u015b\u0107 populacji opisywanej przez pryzmat cechy X. Liczebno\u015b\u0107 populacji maj\u0105cej bardzo ma\u0142\u0105 zdolno\u015b\u0107 przetrwania znajdziemy na osi X blisko osi f(X), po lewej stronie. Do\u015bwiadczeni survivalowcy znajd\u0105 si\u0119 prawdopodobnie po prawej stronie <em>\u2014<\/em> jasne jest, \u017ce w\u015br\u00f3d ca\u0142ej populacji jest ich raczej niewielu.<\/p>\n<p style=\"text-align: justify;\"><span style=\"color: #ff9900;\">Wstawiaj\u0105c pod warto\u015b\u0107 X cech\u0119: &#8222;si\u0142a motywacji&#8221;, a pod f(X): &#8222;skuteczno\u015b\u0107 dzia\u0142ania&#8221; <em><span style=\"color: #ffff99;\"><span style=\"color: #ffffff;\">\u2014<\/span><\/span><\/em> dowiemy si\u0119, \u017ce niska motywacja (lewa strona osi X) oznacza\u0107 b\u0119dzie nisk\u0105 skuteczno\u015b\u0107. Bardzo silna motywacja b\u0119dzie natomiast nasza skuteczno\u015b\u0107 upo\u015bledza\u0107 (prawa strona osi X) &#8211; to m\u00f3wi pierwsze prawo Yerkesa-Dodsona<\/span><span style=\"color: #ffff99;\"> <em><span style=\"color: #ffff99;\"><span style=\"color: #ffffff;\">\u2014<\/span><\/span><\/em><\/span>\u00a0<a href=\"http:\/\/pl.wikipedia.org\/wiki\/Prawa_Yerkesa-Dodsona\" target=\"_blank\">Wikipedia<\/a>. Link prowadzi do informacji w istotny spos\u00f3b wa\u017cny dla survivalowca, zw\u0142aszcza do informacji dodatkowych, zwi\u0105zanych z krytyk\u0105 praw Y-D.<\/p>\n<hr \/>\n<p style=\"text-align: justify;\">Przek\u0142adam to teraz na prostsze widzenie \u015bwiata&#8230; Najwi\u0119cej jest ludzi \u015bredniego wzrostu, najmniej \u2014 kar\u0142\u00f3w i wielkolud\u00f3w. Patrz\u0105c na to survivalowo mo\u017cemy w ciemno powiedzie\u0107, \u017ce bez wzgl\u0119du na przyj\u0119te kryterium najwi\u0119cej jest ludzi \u015aREDNICH.<\/p>\n<p style=\"text-align: justify;\">Dlatego \u2014 przyjmuj\u0105c aspekt survivalowy \u2014 ujrzymy mo\u017cliwo\u015b\u0107 os\u0105dzenia, w kt\u00f3rym punkcie osi X umie\u015bcimy sami siebie je\u015bli we\u017amiemy pod uwag\u0119:<\/p>\n<ul>\n<li><span style=\"color: #ff9900;\">cechy temperamentalne:<\/span>\n<ul>\n<li>szybko\u015b\u0107 reakcji<\/li>\n<li>si\u0142\u0119 reakcji<\/li>\n<li>trwa\u0142o\u015b\u0107 reakcji<\/li>\n<\/ul>\n<\/li>\n<li style=\"text-align: justify;\"><span style=\"color: #ff9900;\">reakcj\u0119 na stres:<\/span>\n<ul>\n<li style=\"text-align: justify;\">\u0142atwo\u015b\u0107 poddawania si\u0119<\/li>\n<li style=\"text-align: justify;\">moc prze\u017cywania<\/li>\n<li style=\"text-align: justify;\">\u0142atwo\u015b\u0107\/trudno\u015b\u0107 wychodzenia ze stresu<\/li>\n<\/ul>\n<\/li>\n<\/ul>\n<p>Nie jest \u0142atwo&#8230; A macie por\u00f3wnanie z innymi? I jeste\u015bcie obiektywni&#8230;?<\/p>\n","protected":false},"excerpt":{"rendered":"<p>Poni\u017cej cytat ze strony \u2014 http:\/\/bogdan.wordpress.com\/2009\/12\/19\/koledowanie-z-barankiem-czyli-rozklad-nienormalny autorstwa Bogdana Misia \u2014 Wikipedia Nie, nie zwariowa\u0142em i nic mi si\u0119 nie pomyli\u0142o, jak si\u0119 za chwil\u0119 oka\u017ce. Ale najpierw dwa s\u0142owa o statystyce. Ot\u00f3\u017c \u2014\u00a0jak wiadomo \u2014 jest w przyrodzie co\u015b takiego, &hellip; <a class=\"more-link\" href=\"https:\/\/www.survival.edu.pl\/wp-index.php\/?page_id=250\">Czytaj dalej <span class=\"meta-nav\">&rarr;<\/span><\/a><\/p>\n","protected":false},"author":2,"featured_media":0,"parent":68,"menu_order":2,"comment_status":"closed","ping_status":"closed","template":"","meta":[],"_links":{"self":[{"href":"https:\/\/www.survival.edu.pl\/wp-index.php\/index.php?rest_route=\/wp\/v2\/pages\/250"}],"collection":[{"href":"https:\/\/www.survival.edu.pl\/wp-index.php\/index.php?rest_route=\/wp\/v2\/pages"}],"about":[{"href":"https:\/\/www.survival.edu.pl\/wp-index.php\/index.php?rest_route=\/wp\/v2\/types\/page"}],"author":[{"embeddable":true,"href":"https:\/\/www.survival.edu.pl\/wp-index.php\/index.php?rest_route=\/wp\/v2\/users\/2"}],"replies":[{"embeddable":true,"href":"https:\/\/www.survival.edu.pl\/wp-index.php\/index.php?rest_route=%2Fwp%2Fv2%2Fcomments&post=250"}],"version-history":[{"count":17,"href":"https:\/\/www.survival.edu.pl\/wp-index.php\/index.php?rest_route=\/wp\/v2\/pages\/250\/revisions"}],"predecessor-version":[{"id":5306,"href":"https:\/\/www.survival.edu.pl\/wp-index.php\/index.php?rest_route=\/wp\/v2\/pages\/250\/revisions\/5306"}],"up":[{"embeddable":true,"href":"https:\/\/www.survival.edu.pl\/wp-index.php\/index.php?rest_route=\/wp\/v2\/pages\/68"}],"wp:attachment":[{"href":"https:\/\/www.survival.edu.pl\/wp-index.php\/index.php?rest_route=%2Fwp%2Fv2%2Fmedia&parent=250"}],"curies":[{"name":"wp","href":"https:\/\/api.w.org\/{rel}","templated":true}]}}