{"id":6934,"date":"2018-06-25T09:43:22","date_gmt":"2018-06-25T07:43:22","guid":{"rendered":"http:\/\/www.survival.edu.pl\/wp-index.php\/?page_id=6934"},"modified":"2018-06-25T15:15:04","modified_gmt":"2018-06-25T13:15:04","slug":"szkolenie","status":"publish","type":"page","link":"http:\/\/www.survival.edu.pl\/wp-index.php\/?page_id=6934","title":{"rendered":"Szkolenie"},"content":{"rendered":"<p style=\"text-align: justify;\">Szkolenie to forma \u015bwiadoma. Zdajemy sobie spraw\u0119 z tego, \u017ce si\u0119 tego podj\u0119li\u015bmy. Robimy to z potrzeby, albo te\u017c zmusi\u0142o nas do tego \u017cycie. A to jest ogromna r\u00f3\u017cnica.<\/p>\n<p style=\"text-align: justify;\">Szkolenie mo\u017ce mie\u0107 dwie fomy:<\/p>\n<ol style=\"text-align: justify;\">\n<li>szkolimy si\u0119 sami<\/li>\n<li>szkolimy innych<\/li>\n<\/ol>\n<p style=\"text-align: justify;\">W pierwszym przypadku mo\u017cemy by\u0107 samoukami albo mamy mo\u017cno\u015b\u0107 korzystania z czyjej\u015b wiedzy na kursie (szkoleniu zbiorowym b\u0105d\u017a indywidualnym).<\/p>\n<p style=\"text-align: justify;\">W drugim przypadku jeste\u015bmy demonstratorami, wyk\u0142adowcami b\u0105d\u017a przewodnikami przez wiedz\u0119.\u00a0Bycie szkoleniowcem mo\u017ce mie\u0107 swoje aspekty i niuanse. Mog\u0119 bowiem po prostu wykonywa\u0107 swoj\u0105 robot\u0119, a mog\u0119 te\u017c by\u0107 tym, kt\u00f3ry zamierza odpowiada\u0107 za efekt ujawniaj\u0105cy si\u0119 w dzia\u0142aniu kogo\u015b innego. Czy to jest zrozumia\u0142e? Pytanie moje jest prowokacyjne \u2014 chodzi bowiem o zupe\u0142nie inny rodzaj dzia\u0142ania. I trzeba odr\u00f3\u017cni\u0107 &#8222;dora\u017ane wspomaganie zrozumienia&#8221; od &#8222;prowadzenia przez poznawanie&#8221;.<\/p>\n<p style=\"text-align: justify;\">Zamierzam od razu uda\u0107 si\u0119 na g\u0142\u0119bokie wody. Albo&#8230; nie owija\u0107 w bawe\u0142n\u0119&#8230; Przekazywanie wiedzy w\u00a0najprostszy spos\u00f3b nazywa si\u0119 zwyczajowo &#8222;podawaniem&#8221;. Chodzi o to, \u017ce ja jestem posiadaczem zbioru wiedzy i\u00a0dostarczam j\u0105 komu\u015b, kto jej nie ma. Zatem: opowiadam o wszystkich szczeg\u00f3\u0142ach, demonstruj\u0119, podaj\u0119 \u017ar\u00f3d\u0142a. Efekt ko\u0144cowy zale\u017cy od tego, co z tym zrobi m\u00f3j klient. W zasadzie nie ma w tym niczego niezrozumia\u0142ego ani nieuczciwego.<\/p>\n<p style=\"text-align: justify;\">Kiedy to napisa\u0142em, stwierdzi\u0142em, \u017ce <span style=\"color: #ff9900;\">w momencie, kiedy b\u0119d\u0119 Was uczy\u0142 jak zastruga\u0107 patyczek, nie b\u0119d\u0119 absolutnie znajdowa\u0142 si\u0119 w tej samej sytuacji jak wtedy, kiedy b\u0119d\u0119 Was uczy\u0142, jak ratowa\u0107 ludzkie \u017cycie<\/span>.<\/p>\n<p style=\"text-align: justify;\">Jest tak\u017ce inny aspekt takiego mojego dzia\u0142ania. Jednemu adeptowi po prostu poka\u017c\u0119, \u017ce patyczek struga si\u0119&#8230; o&#8230; w taki spos\u00f3b. Drugiemu za\u015b uka\u017c\u0119, \u017ce oto kto\u015b go potraktowa\u0142 serio. Kwestia jednak w tym, co odczuwa adept. Jeden nie ma problemu z traktowaniem go serio, drugi \u2014 zawsze by\u0142 traktowany przez \u017cycie po macoszemu. Jeden b\u0119dzie si\u0119 czu\u0142 potraktowany serio, bo instruktor ca\u0142y czas do niego m\u00f3wi\u0142 na temat, drugi za\u015b odczuje, \u017ce instruktor zadba\u0142 tak\u017ce o jego palce&#8230;<\/p>\n<p style=\"text-align: justify;\">W uczeniu innych jest mn\u00f3stwo zagadnie\u0144 zwi\u0105zanych z metodyk\u0105. Mo\u017cemy mie\u0107 przeogromn\u0105 wiedz\u0119 oraz mn\u00f3stwa do\u015bwiadczenia, ale mo\u017ce by\u0107 tak, \u017ce nie b\u0119dziemy umieli tego przekaza\u0107 innym. Got\u00f3w jestem zagwarantowa\u0107, \u017ce zdecydowana wi\u0119kszo\u015b\u0107 uwa\u017ca, \u017ce to nic trudnego \u2014 wystarczy o niczym wa\u017cnym\u00a0 nie zapomnie\u0107.<\/p>\n<p style=\"text-align: justify;\">Pierwsza rzecz\u0105, o kt\u00f3rej nale\u017cy pami\u0119ta\u0107, to <span style=\"color: #ff9900;\">motywacja ucz\u0105cego si\u0119<\/span>. Jeden mo\u017ce jej nie mie\u0107 w og\u00f3le \u2014 to zadanie ucz\u0105cego natchn\u0105\u0107 go t\u0105 potrzeb\u0105. Drugi mo\u017ce mie\u0107 pot\u0119\u017cny nap\u0119d do zdobycia wiedzy. Nadmierna motywacja bywa jednak blokad\u0105 \u2014 trzeba umie\u0107 doprowadzi\u0107 do starannego studiowania. Czy to potrafimy?<\/p>\n<p style=\"text-align: justify;\">Kolejn\u0105 przeszkod\u0105 w nauczaniu jest niezrozumienie, \u017ce nasz <span style=\"color: #ff9900;\">adept nie zna fachowych poj\u0119\u0107<\/span>, zatem prawdopodobnie wielu spraw nie zrozumie, wyt\u0142umaczy je sobie &#8222;na ch\u0142opski rozum&#8221;, a potem b\u0119dzie &#8222;rze\u017abi\u0142&#8221;.<\/p>\n<p style=\"text-align: justify;\">Skoro tak, to wa\u017cn\u0105 cech\u0105 nauczaj\u0105cego, jest umiej\u0119tno\u015b\u0107 przekazywania wiedzy tak, aby <span style=\"color: #ff9900;\">pos\u0142ugiwa\u0107 si\u0119 poj\u0119ciami znanymi adeptowi, co nale\u017cy sprawdza\u0107 w toku nauczania<\/span>. Zapewniam, \u017ce zadane po naszym d\u0142ugim wywodzie pytanie &#8222;czy wszystko jasne?&#8221;, otrzyma zapewnienie, \u017ce tak. Z regu\u0142y adept nie chce wychodzi\u0107 na g\u0142upka&#8230;<\/p>\n<p style=\"text-align: justify;\">Aby tak si\u0119 nie sta\u0142o, powinni\u015bmy przekazywa\u0107 niewielkie porcje wiedzy, sprawdza\u0107, czy zosta\u0142y prawid\u0142owo zrozumiane i dopiero potem kontynuowa\u0107. Dobrym sposobem jest proszenie adept\u00f3w, aby \u2014 dla zwyk\u0142ej powt\u00f3rki \u2014 zreferowali tre\u015b\u0107 innym. Szczeg\u00f3ln\u0105 form\u0105 wyk\u0142adu jest prowadzenie go w postaci&#8230; dialogu.<\/p>\n<hr \/>\n<p><span style=\"color: #ff0000;\">Lada moment wszystko pozosta\u0142e wyja\u015bni\u0119&#8230;<\/span><\/p>\n","protected":false},"excerpt":{"rendered":"<p>Szkolenie to forma \u015bwiadoma. Zdajemy sobie spraw\u0119 z tego, \u017ce si\u0119 tego podj\u0119li\u015bmy. Robimy to z potrzeby, albo te\u017c zmusi\u0142o nas do tego \u017cycie. A to jest ogromna r\u00f3\u017cnica. Szkolenie mo\u017ce mie\u0107 dwie fomy: szkolimy si\u0119 sami szkolimy innych W &hellip; <a class=\"more-link\" href=\"http:\/\/www.survival.edu.pl\/wp-index.php\/?page_id=6934\">Czytaj dalej <span class=\"meta-nav\">&rarr;<\/span><\/a><\/p>\n","protected":false},"author":2,"featured_media":0,"parent":282,"menu_order":40,"comment_status":"closed","ping_status":"closed","template":"","meta":[],"_links":{"self":[{"href":"http:\/\/www.survival.edu.pl\/wp-index.php\/index.php?rest_route=\/wp\/v2\/pages\/6934"}],"collection":[{"href":"http:\/\/www.survival.edu.pl\/wp-index.php\/index.php?rest_route=\/wp\/v2\/pages"}],"about":[{"href":"http:\/\/www.survival.edu.pl\/wp-index.php\/index.php?rest_route=\/wp\/v2\/types\/page"}],"author":[{"embeddable":true,"href":"http:\/\/www.survival.edu.pl\/wp-index.php\/index.php?rest_route=\/wp\/v2\/users\/2"}],"replies":[{"embeddable":true,"href":"http:\/\/www.survival.edu.pl\/wp-index.php\/index.php?rest_route=%2Fwp%2Fv2%2Fcomments&post=6934"}],"version-history":[{"count":22,"href":"http:\/\/www.survival.edu.pl\/wp-index.php\/index.php?rest_route=\/wp\/v2\/pages\/6934\/revisions"}],"predecessor-version":[{"id":6956,"href":"http:\/\/www.survival.edu.pl\/wp-index.php\/index.php?rest_route=\/wp\/v2\/pages\/6934\/revisions\/6956"}],"up":[{"embeddable":true,"href":"http:\/\/www.survival.edu.pl\/wp-index.php\/index.php?rest_route=\/wp\/v2\/pages\/282"}],"wp:attachment":[{"href":"http:\/\/www.survival.edu.pl\/wp-index.php\/index.php?rest_route=%2Fwp%2Fv2%2Fmedia&parent=6934"}],"curies":[{"name":"wp","href":"https:\/\/api.w.org\/{rel}","templated":true}]}}