{"id":5483,"date":"2017-05-05T14:04:33","date_gmt":"2017-05-05T12:04:33","guid":{"rendered":"http:\/\/www.survival.edu.pl\/wp-index.php\/?page_id=5483"},"modified":"2017-05-05T14:29:18","modified_gmt":"2017-05-05T12:29:18","slug":"mam-was-dosc-ide-na-spacer","status":"publish","type":"page","link":"http:\/\/www.survival.edu.pl\/wp-index.php\/?page_id=5483","title":{"rendered":"Mam was do\u015b\u0107, id\u0119 na spacer"},"content":{"rendered":"<h3><span style=\"color: #ffcc00;\">Opowiadanie b\u0119dzie jednym z nowych w kolejnej edycji mojej ksi\u0105\u017cki <\/span><strong><span style=\"color: #ffcc00;\"><span style=\"color: #ff9900;\"><em>Survival po polsku<span style=\"color: #ffcc00;\">, kt\u00f3ra wyjdzie<\/span><\/em><\/span><\/span><\/strong><span style=\"color: #ffcc00;\"> w 2017 roku<\/span><\/h3>\n<p>Tym razem opowiada\u0144 b\u0119dzie ponad 30 i to w osobnym tomie&#8230;<\/p>\n<hr \/>\n<p>Obrazi\u0142em si\u0119 na moich obozowicz\u00f3w.<\/p>\n<p>&#8211; Urz\u0105dzacie tu takie krzyki ryki, \u017ce mam was dosy\u0107. Nawet zwyk\u0142a rozmowa mi\u0119dzy wami to ha\u0142asy startuj\u0105cego odrzutowca! Bior\u0119 psa i znikam. I nie wiem kiedy wr\u00f3c\u0119. Nie wiem czy wr\u00f3c\u0119\u2026<\/p>\n<p>I poszed\u0142em.<\/p>\n<p>Pies za mn\u0105\u2026<\/p>\n<p>W\u0142a\u015bciwie \u2013 sunia. Mia\u0142a swoje imi\u0119, ale m\u00f3wi\u0142em do niej \u201ePies\u201d \u2013 w ramach reprezentowanego gatunku. Sunia by\u0142a znajda znaleziona na \u015bmietniku w zimie. Tak trafi\u0142a do mnie. Mia\u0142em sw\u00f3j w\u0142asny spos\u00f3b odnoszenia si\u0119 do istot \u017cywych: byli\u015bmy po prostu obok siebie. R\u00f3wnorz\u0119dne istoty i to wszystko. Dopiero dalsze rozwa\u017cania i wzajemne oddzia\u0142ywania ukazywa\u0142y, \u017ce byli\u015bmy razem. Jeszcze potem mo\u017cna by\u0142o si\u0119 domy\u015bla\u0107, \u017ce ja to ten, kt\u00f3ry potrafi za\u0142atwi\u0107 jakie\u015b \u017carcie.<\/p>\n<p>Nigdy nie tresowa\u0142em swoich ps\u00f3w. One by\u0142y \u201eko\u0142o mnie ze mn\u0105\u201d i spostrzega\u0142y, co robi\u0119, jak robi\u0119 kiedy robi\u0119 i co temu towarzyszy. Gdy zbli\u017ca\u0142em si\u0119 do kraw\u0119\u017cnika, wydawa\u0142em jakie\u015b d\u017awi\u0119ki i zatrzymywa\u0142em si\u0119. Kiedy wydawa\u0142em d\u017awi\u0119ki, to zawsze co\u015b nast\u0119powa\u0142em. To by\u0142y takie w\u0142a\u015bnie d\u017awi\u0119ki, bo te inne by\u0142y inne i po nich nic nie nast\u0119powa\u0142o. Bo je\u015bli mia\u0142o nast\u0105pi\u0107, to d\u017awi\u0119ki by\u0142y powtarzane, a ka\u017cde powt\u00f3rzenie, by\u0142o inne \u2013 kr\u00f3tsze, mocniejsze, jak naci\u015bni\u0119cie. Moje psy zawsze jako\u015b radzi\u0142y sobie z zorientowaniem si\u0119 o co chodzi. Tyle, \u017ce ja stara\u0142em si\u0119, aby nie by\u0142o wielu odmian mego m\u00f3wienia. Skoro pies wiedzia\u0142, \u017ce \u201esiad\u201d jest sygna\u0142em do tego, by usi\u0105\u015b\u0107, to \u201eusi\u0105d\u017a\u201d ju\u017c by\u0142o chi\u0144szczyzn\u0105, ale \u201esiadaj\u201d by\u0142o jednak do czego\u015b podobne. Kiedy ju\u017c byli\u015bmy z\u017cyci, zorientowa\u0142em si\u0119 w uchu psa istnieje nie tylko d\u017awi\u0119cz\u0105cy zesp\u00f3\u0142 element\u00f3w daj\u0105cych zrozumie\u0107 co trzeba, ale te\u017c mo\u017ce on wnioskowa\u0107, kiedy jest to szept. S\u0142owo, to s\u0142owo\u2026<\/p>\n<p>Psy nigdy nie tresowa\u0142y mnie. Orientowa\u0142y si\u0119 jednak, \u017ce staram si\u0119 zrozumie\u0107 o co im chodzi. Pomaga\u0142y mi \u2013 zauwa\u017ca\u0142em to. Zgrywali\u015bmy si\u0119 tak bardzo, \u017ce nie trzeba by\u0142o wielu s\u0142\u00f3w. Spogl\u0105dali\u015bmy na siebie i kiedy byli\u015bmy pewni, \u017ce siebie widzimy i jeste\u015bmy skupieni, wystarczy\u0142 gest. Odpowiedni. To znaczy ka\u017cdy gest oznacza\u0142 co\u015b innego\u2026<\/p>\n<p>Dogada\u0142em si\u0119 na przyk\u0142ad w wielu sprawach \u2013 bo przecie\u017c szczekanie by\u0142o szczekaniem \u2013 by pies orientowa\u0142 si\u0119, \u017ce nie do ko\u0144ca rozumiem, bowiem m\u00f3wi\u0142em \u201eid\u017a\u201d, a on wtedy rusza\u0142 przodem i prowadzi\u0142 tam, gdzie trzeba. Zatem nie wyprowadza\u0142em do na spacer, kiedy on chcia\u0142 je\u015b\u0107. Psy, kt\u00f3re zosta\u0142y nauczone tylko \u201echod\u017a\u201d (\u201echod\u017a\u201d za cz\u0142owiekiem, bo to cz\u0142owiek dok\u0105d\u015b idzie) mia\u0142y trudno\u015bci ze wskazaniem swoich potrzeb.<\/p>\n<p>Tak czy inaczej sunia, kiedy wsta\u0142em z pniaka, r\u00f3wnie\u017c wsta\u0142a, bo od razu wiedzia\u0142a, \u017ce jest r\u00f3wnie\u017c przewidziana na tym spacerze. Poszli\u015bmy sobie cichutko le\u015bn\u0105 drog\u0105. W zasadzie ju\u017c je znali\u015bmy, tote\u017c w pocz\u0105tkowej fazie by\u0142 to zwyk\u0142y spacer. Potem jednak ja postanowi\u0142em wedrze\u0107 si\u0119 w g\u0105szcz, czyli po prostu opu\u015bci\u0107 miejsca wydeptane. Sunia zawsze radzi\u0142a sobie z takim zadaniem. Wkr\u00f3tce wydostali\u015bmy si\u0119 na jak\u0105\u015b polan\u0119. Tu zostali\u015bmy zaskoczeni po raz pierwszy, bowiem z korony drzewa wylecia\u0142 du\u017cy drapie\u017cnik. By\u0142o to tak niespodziewane, \u017ce nawet porz\u0105dnie nie zastanowi\u0142em si\u0119 co to za ptak. Teraz mam ju\u017c to zanadto zatarte w pami\u0119ci, by ryzykowa\u0107 podanie nazwy gatunku. Sunia mia\u0142a jeden dobry zwyczaj \u2013 nie robi\u0142a ha\u0142asu.<\/p>\n<p>To znaczy robi\u0142a, ale kiedy by\u0142a szczeniakiem. Kt\u00f3rego\u015b dnia poczu\u0142em si\u0119 senny, wi\u0119c po\u0142o\u017cy\u0142em si\u0119 na kanapie i przysn\u0105\u0142em. Obudzenie by\u0142o gwa\u0142towne, bo sunia wlaz\u0142a na fotel stoj\u0105cy ko\u0142o kanapy, opar\u0142a \u0142apy o parapet i pyskowa\u0142a jakiemu\u015b koledze w okolicy. Sytuacja mnie zez\u0142o\u015bci\u0142a i nakrzycza\u0142em na psa paskudnie. Sunie by\u0142a najpierw moim nag\u0142ym zerwaniem si\u0119, a potem jeszcze ta porcja z\u0142orzecze\u0144\u2026<\/p>\n<p>Par\u0119 dni p\u00f3\u017aniej sytuacja si\u0119 powt\u00f3rzy\u0142a niemal identycznie. Zosta\u0142em obudzony, zerwa\u0142em si\u0119, spojrza\u0142em i\u2026 u\u015bmia\u0142em si\u0119. Sunia bowiem tak samo sta\u0142a na fotelu u mego wezg\u0142owia, tak samo opiera\u0142a si\u0119 o parapet i mia\u0142a co\u015b do powiedzenia. Tyle, \u017ce robi\u0142a to w formie\u2026 jakby to przekaza\u0107\u2026? Chyba najlepiej wyobrazi\u0107 to sobie jako wirtualne szczekni\u0119cia przekszta\u0142cone w mrukni\u0119cia: \u201ehm\u2026 hm\u2026 hm\u2026\u201d<\/p>\n<p>Sunia mia\u0142a jeszcze inn\u0105 cenn\u0105 umiej\u0119tno\u015b\u0107, szybko przyswoi\u0142a sobie, \u017ce \u201ezostaw\u201d albo \u201eju\u017c\u201d to sygna\u0142 do przerwania wykonywanej czynno\u015bci. By\u0142 to dow\u00f3d na szczeg\u00f3lne zdolno\u015bci umys\u0142owe mojego kochanego stworzenia. Niekt\u00f3rzy ludzie nie potrafi\u0105 zrozumie\u0107 takich uog\u00f3lnie\u0144, a zw\u0142aszcza tak szybko.<\/p>\n<p>Spacer z psem w obcych miejscach by\u0142 zawsze dla mnie wielk\u0105 przyjemno\u015bci\u0105, zw\u0142aszcza \u017ce nie musia\u0142em niepokoi\u0107 si\u0119 o to jak on si\u0119 zachowa. Przelatuj\u0105cy ptak zrobi\u0142 na suni takie samo wra\u017cenie jak na mnie. Stan\u0119\u0142a zaciekawiona.<\/p>\n<p>Mieli\u015bmy okazj\u0119 zauwa\u017ca\u0107 (czasem wnioskowa\u0142em o tym z psiego zachowania), \u017ce ko\u0142o nas wrze przebogate \u017cycie. Wszyscy byli zaj\u0119ci swoimi sprawami. Nie spieszyli\u015bmy si\u0119, to by\u0142 spacer poety i jego przyjaciela. Wdychanie le\u015bnego powietrza, s\u0142uchanie szelest\u00f3w, szczebiot\u00f3w i powiew\u00f3w\u2026 te sprawy. Lekkie wspinanie si\u0119 le\u015bn\u0105 drog\u0105 wynios\u0142o nas na\u2026 um\u00f3wmy si\u0119, \u017ce nazwiemy to grzbietem drogi\u2026 albo garbem. Wynios\u0142o nas na grzbiet, za kt\u00f3rym by\u0142o obni\u017cenie, drzewa po obu stronach, zielone korony nad g\u0142owami, drugi grzbiet rdzawego koloru, g\u0142owa obr\u00f3cona w nasza stron\u0119\u2026<\/p>\n<p>Su\u0144ka zamar\u0142a. Mia\u0142a jakiego\u015b my\u015bliwskiego przodka, bo wyra\u017anie \u201ewystawia\u0142a\u201d. Ja nie by\u0142em gorszy od su\u0144ki i te\u017c zamar\u0142em. M\u00f3j m\u00f3zg by\u0142 jednak ju\u017c odpr\u0119\u017cony, zdolny do prawid\u0142owych i szybkich reakcji, wi\u0119c r\u0119ce spokojnie si\u0119gn\u0119\u0142y po aparat fotograficzny. Rozumiej\u0105c, \u017ce czytelnik ju\u017c wie, do czego zmierzam, nie b\u0119d\u0119 opisywa\u0142 dalszych szczeg\u00f3\u0142\u00f3w. Mam trzy fotki. Pierwsza ukazuj\u0105ca plan og\u00f3lny i w kolejno\u015bci: pies na przodzie, grzbiet na drodze, grzbiet patrz\u0105cej na nas \u0142ani. Druga fotka ju\u017c po \u017cyciu transfokatora, \u0142ania widziana \u201ebardziej z bliska\u201d; trzecia \u2013 \u0142ania daje do zrozumienia, \u017ce nie udzieli\u0142a zgody na robienie jej wizerunku.<\/p>\n<p>Wiewi\u00f3rka nie by\u0142a dla nas \u017cadnym rarytasem, chocia\u017c widywa\u0142em je tutaj niecz\u0119sto. Zachwycali\u015bmy si\u0119 za to ptasimi g\u0142osami. To znaczy, mam nadziej\u0119, \u017ce sunia doceni\u0142a to, co ptaki dla nas robi\u0142y. Popatrzyli\u015bmy na salamandr\u0119 wy\u0142a\u017c\u0105c\u0105 ze strumienia. W tym wypadku sunia chyba wola\u0142a co innego, bo wetkn\u0119\u0142a nos do jakiej\u015b jamki i sapa\u0142a. Jaszczurki przesta\u0142y ju\u017c zwraca\u0107 nasz\u0105 uwag\u0119. Zrobi\u0142em par\u0119 fotek wielkiemu winniczkowi.<\/p>\n<p>A potem by\u0142a wilcza \u0142apa. W\u0142a\u015bciwo\u015bci b\u0142ota s\u0105 znane ka\u017cdemu. B\u0142oto bieszczadzkie jest specyficzne, ale to si\u0119 objawia w innych okoliczno\u015bciach, ni\u017c w tym przypadku, czyli na przyk\u0142ad kiedy chcemy wyci\u0105gn\u0105\u0107 nog\u0119 z bieszczadzkiego b\u0142ota, a zapad\u0142a si\u0119 ona do po\u0142owy \u0142ydki. Ju\u017c domy\u015blam si\u0119 ilu czytelnikom pojawi\u0142 si\u0119 teraz bardzo szeroki u\u015bmiech.<\/p>\n<p>W tym przypadku b\u0142oto spe\u0142ni\u0142o swoje podstawowe funkcje, czyli utrwali\u0142o \u015blad w nim wyci\u015bni\u0119ty. Fachowcy oczywi\u015bcie zaraz zaprotestuj\u0105 i powiedz\u0105, \u017ce to trop. I dobrze.<\/p>\n<p>Zn\u00f3w zrobi\u0142em fotki. Jedna pokazuje odci\u015bni\u0119te dwie \u0142apy: mojej suni i t\u0119 drug\u0105, tu\u017c obok siebie. Oba tropy mia\u0142y ten sam stopie\u0144 \u015bwie\u017co\u015bci.<\/p>\n<p>Potem wr\u00f3cili\u015bmy do obozowiska.<\/p>\n<p>&#8211; Wiecie co? \u2013 powiedzia\u0142em \u2013 Przez te dwie godziny spaceru widzia\u0142em wi\u0119cej zwierz\u0105t ni\u017c wy przez ca\u0142y tu pobyt\u2026<\/p>\n","protected":false},"excerpt":{"rendered":"<p>Opowiadanie b\u0119dzie jednym z nowych w kolejnej edycji mojej ksi\u0105\u017cki Survival po polsku, kt\u00f3ra wyjdzie w 2017 roku Tym razem opowiada\u0144 b\u0119dzie ponad 30 i to w osobnym tomie&#8230; Obrazi\u0142em si\u0119 na moich obozowicz\u00f3w. &#8211; Urz\u0105dzacie tu takie krzyki ryki, &hellip; <a class=\"more-link\" href=\"http:\/\/www.survival.edu.pl\/wp-index.php\/?page_id=5483\">Czytaj dalej <span class=\"meta-nav\">&rarr;<\/span><\/a><\/p>\n","protected":false},"author":2,"featured_media":0,"parent":84,"menu_order":70,"comment_status":"closed","ping_status":"closed","template":"","meta":[],"_links":{"self":[{"href":"http:\/\/www.survival.edu.pl\/wp-index.php\/index.php?rest_route=\/wp\/v2\/pages\/5483"}],"collection":[{"href":"http:\/\/www.survival.edu.pl\/wp-index.php\/index.php?rest_route=\/wp\/v2\/pages"}],"about":[{"href":"http:\/\/www.survival.edu.pl\/wp-index.php\/index.php?rest_route=\/wp\/v2\/types\/page"}],"author":[{"embeddable":true,"href":"http:\/\/www.survival.edu.pl\/wp-index.php\/index.php?rest_route=\/wp\/v2\/users\/2"}],"replies":[{"embeddable":true,"href":"http:\/\/www.survival.edu.pl\/wp-index.php\/index.php?rest_route=%2Fwp%2Fv2%2Fcomments&post=5483"}],"version-history":[{"count":6,"href":"http:\/\/www.survival.edu.pl\/wp-index.php\/index.php?rest_route=\/wp\/v2\/pages\/5483\/revisions"}],"predecessor-version":[{"id":5489,"href":"http:\/\/www.survival.edu.pl\/wp-index.php\/index.php?rest_route=\/wp\/v2\/pages\/5483\/revisions\/5489"}],"up":[{"embeddable":true,"href":"http:\/\/www.survival.edu.pl\/wp-index.php\/index.php?rest_route=\/wp\/v2\/pages\/84"}],"wp:attachment":[{"href":"http:\/\/www.survival.edu.pl\/wp-index.php\/index.php?rest_route=%2Fwp%2Fv2%2Fmedia&parent=5483"}],"curies":[{"name":"wp","href":"https:\/\/api.w.org\/{rel}","templated":true}]}}