{"id":5180,"date":"2017-03-10T11:33:42","date_gmt":"2017-03-10T09:33:42","guid":{"rendered":"http:\/\/www.survival.edu.pl\/wp-index.php\/?page_id=5180"},"modified":"2017-06-15T10:32:03","modified_gmt":"2017-06-15T08:32:03","slug":"bez-glodu","status":"publish","type":"page","link":"http:\/\/www.survival.edu.pl\/wp-index.php\/?page_id=5180","title":{"rendered":"Bez g\u0142odu"},"content":{"rendered":"<p style=\"text-align: justify;\">Moje bieszczadzkie bytowania zawieraj\u0105 jeden element: w ko\u0144cowej fazie uczestnicy udaj\u0105 si\u0119 na trzy\u00a0dni do w\u0142asnej Samotni. Powinni zbudowa\u0107 sobie schronienie, rozpali\u0107 w\u0142asne ognisko i przebywa\u0107 w samotno\u015bci organizuj\u0105c sobie czas. Zalecane jest powstrzymanie si\u0119 na ten czas od jedzenia&#8230; Pi\u0107 \u2014 trzeba!<\/p>\n<p style=\"text-align: justify;\">Jak to u mnie bywa, wszystkie te zalecenia <span style=\"color: #ff9900;\">s\u0105 jedynie zaleceniami<\/span>. Nikt nikogo nie kontroluje, ka\u017cdy ma swoje indywidualne zadanie poznania w\u0142asnych odczu\u0107 i reakcji.\u00a0Zawsze i prawie wszyscy (kt\u00f3rzy jeszcze ze mn\u0105 \u00a0nie wsp\u00f3\u0142pracowali) ukazuj\u0105 niepok\u00f3j zwi\u0105zany z niejedzeniem. Oczywi\u015bcie m\u00f3wi\u0119 im o tym, \u017ce doskonale si\u0119 to znosi i nie nale\u017cy si\u0119 zamartwia\u0107, ale&#8230; samemu prze\u017cy\u0107.<\/p>\n<p style=\"text-align: justify;\">Problemem dla niekt\u00f3rych jest samotne przebywanie w dziczy. Problemem jest tak\u017ce zagospodarowanie czasu \u2014\u00a0nie ka\u017cdy potrafi poradzi\u0107 sobie&#8230; z nud\u0105. Zdarzaj\u0105 si\u0119 bowiem przypadki, \u017ce ludzie nie potrafi\u0105 znale\u017a\u0107 inwencji w samym sobie, we w\u0142asnych my\u015blach, ani w otoczeniu.<\/p>\n<p style=\"text-align: right;\"><a href=\"http:\/\/www.survival.edu.pl\/wp-content\/uploads\/DSC00598.jpg\"><img loading=\"lazy\" class=\"wp-image-5185 alignright\" src=\"http:\/\/www.survival.edu.pl\/wp-content\/uploads\/DSC00598.jpg\" alt=\"\" width=\"344\" height=\"454\" \/><\/a>Najwi\u0119kszym problemem jest jednak walka z poczuciem g\u0142odu. Jeste\u015bmy uzale\u017cnieni od dobrych warunk\u00f3w \u017cywienia, od\u00a0regularnych posi\u0142k\u00f3w daj\u0105cych syto\u015b\u0107. \u015amiej\u0119 si\u0119 z tego, \u017ce\u00a0istniej\u0105 ludzie czuj\u0105cy rozdra\u017cnienie z powodu sp\u00f3\u017aniaj\u0105cego si\u0119 obiadu. Sam nauczy\u0142em si\u0119 trzydniowego postu bez \u017cadnych ujemnych skutk\u00f3w i emocji. Takie powstrzymanie si\u0119 od\u00a0spo\u017cywania posi\u0142k\u00f3w nie dokonuje w nas \u017cadnych spustosze\u0144. Istotn\u0105 spraw\u0105 jest fakt, \u017ce uodpornienie si\u0119 na narastaj\u0105ce \u0142aknienie mo\u017ce stworzy\u0107 poczucie, \u017ce nic specjalnego si\u0119 nie dzieje. Nie ma \u017cadnego cierpienia.<\/p>\n<p style=\"text-align: right;\">Ma\u0142o tego, mo\u017cemy ze spokojem przygl\u0105da\u0107 si\u0119, jak inni pa\u0142aszuj\u0105 swoje porcje, a nawet cudowne, najwspanialsze zapachy nie wywo\u0142uj\u0105 u nas przykro\u015bci.<\/p>\n<p>&nbsp;<\/p>\n","protected":false},"excerpt":{"rendered":"<p>Moje bieszczadzkie bytowania zawieraj\u0105 jeden element: w ko\u0144cowej fazie uczestnicy udaj\u0105 si\u0119 na trzy\u00a0dni do w\u0142asnej Samotni. Powinni zbudowa\u0107 sobie schronienie, rozpali\u0107 w\u0142asne ognisko i przebywa\u0107 w samotno\u015bci organizuj\u0105c sobie czas. Zalecane jest powstrzymanie si\u0119 na ten czas od jedzenia&#8230; &hellip; <a class=\"more-link\" href=\"http:\/\/www.survival.edu.pl\/wp-index.php\/?page_id=5180\">Czytaj dalej <span class=\"meta-nav\">&rarr;<\/span><\/a><\/p>\n","protected":false},"author":2,"featured_media":0,"parent":2346,"menu_order":20,"comment_status":"closed","ping_status":"closed","template":"","meta":[],"_links":{"self":[{"href":"http:\/\/www.survival.edu.pl\/wp-index.php\/index.php?rest_route=\/wp\/v2\/pages\/5180"}],"collection":[{"href":"http:\/\/www.survival.edu.pl\/wp-index.php\/index.php?rest_route=\/wp\/v2\/pages"}],"about":[{"href":"http:\/\/www.survival.edu.pl\/wp-index.php\/index.php?rest_route=\/wp\/v2\/types\/page"}],"author":[{"embeddable":true,"href":"http:\/\/www.survival.edu.pl\/wp-index.php\/index.php?rest_route=\/wp\/v2\/users\/2"}],"replies":[{"embeddable":true,"href":"http:\/\/www.survival.edu.pl\/wp-index.php\/index.php?rest_route=%2Fwp%2Fv2%2Fcomments&post=5180"}],"version-history":[{"count":17,"href":"http:\/\/www.survival.edu.pl\/wp-index.php\/index.php?rest_route=\/wp\/v2\/pages\/5180\/revisions"}],"predecessor-version":[{"id":5491,"href":"http:\/\/www.survival.edu.pl\/wp-index.php\/index.php?rest_route=\/wp\/v2\/pages\/5180\/revisions\/5491"}],"up":[{"embeddable":true,"href":"http:\/\/www.survival.edu.pl\/wp-index.php\/index.php?rest_route=\/wp\/v2\/pages\/2346"}],"wp:attachment":[{"href":"http:\/\/www.survival.edu.pl\/wp-index.php\/index.php?rest_route=%2Fwp%2Fv2%2Fmedia&parent=5180"}],"curies":[{"name":"wp","href":"https:\/\/api.w.org\/{rel}","templated":true}]}}