{"id":5006,"date":"2017-01-30T10:16:38","date_gmt":"2017-01-30T08:16:38","guid":{"rendered":"http:\/\/www.survival.edu.pl\/wp-index.php\/?page_id=5006"},"modified":"2017-01-30T12:14:05","modified_gmt":"2017-01-30T10:14:05","slug":"natura","status":"publish","type":"page","link":"http:\/\/www.survival.edu.pl\/wp-index.php\/?page_id=5006","title":{"rendered":"Natura"},"content":{"rendered":"<p style=\"text-align: justify;\">Natura jest boska. U\u017cywam tego okre\u015blenia zgodnie z tym przes\u0142aniem, jakie jest w niej ukryte. Istota Natury przewa\u017ca nad ludzk\u0105, wiele jeszcze regu\u0142 jest ukrytych przed okiem cz\u0142owieka. Cz\u0142owiek jednak post\u0119puje w\u00a0\u017cyciu, jakby wiedzia\u0142 ju\u017c wszystko.<\/p>\n<p style=\"text-align: justify;\">Nie, nie b\u0119d\u0119 zajmowa\u0142 si\u0119 utyskiwaniem na ludzk\u0105 niewiedz\u0119. Mimo wszystko poczynania zwi\u0105zane s\u0105 z tym, <span style=\"color: #ff9900;\">co\u00a0cz\u0142owiek wie o sobie i swoim \u015brodowisku<\/span>; czasem niekt\u00f3rzy przywi\u0105zuj\u0105 si\u0119 do tego, co o tym<span style=\"color: #ff9900;\"> <strong>s\u0105dz\u0105<\/strong><\/span> i to im wystarcza.<\/p>\n<p style=\"text-align: justify;\">Pogmatwane s\u0105 zupe\u0142nie inne kwestie. Ot\u00f3\u017c cz\u0142owiek nieustannie \u017cyje w przekonaniu, \u017ce wobec Natury nie ma \u017cadnych zobowi\u0105za\u0144. Czasem wypiera si\u0119 nawet i powi\u0105za\u0144. Je\u015bli by przestudiowa\u0107 ludzki spos\u00f3b my\u015blenia oraz spostrzegania rzeczywisto\u015bci, odkryjemy \u017ce <span style=\"color: #ffffff;\"><strong><em>&#8222;natura jest wtedy, gdy idzie si\u0119 na spacer do lasu&#8221;<\/em><\/strong><\/span>.<\/p>\n","protected":false},"excerpt":{"rendered":"<p>Natura jest boska. U\u017cywam tego okre\u015blenia zgodnie z tym przes\u0142aniem, jakie jest w niej ukryte. Istota Natury przewa\u017ca nad ludzk\u0105, wiele jeszcze regu\u0142 jest ukrytych przed okiem cz\u0142owieka. Cz\u0142owiek jednak post\u0119puje w\u00a0\u017cyciu, jakby wiedzia\u0142 ju\u017c wszystko. Nie, nie b\u0119d\u0119 zajmowa\u0142 &hellip; <a class=\"more-link\" href=\"http:\/\/www.survival.edu.pl\/wp-index.php\/?page_id=5006\">Czytaj dalej <span class=\"meta-nav\">&rarr;<\/span><\/a><\/p>\n","protected":false},"author":2,"featured_media":0,"parent":57,"menu_order":1,"comment_status":"closed","ping_status":"closed","template":"","meta":[],"_links":{"self":[{"href":"http:\/\/www.survival.edu.pl\/wp-index.php\/index.php?rest_route=\/wp\/v2\/pages\/5006"}],"collection":[{"href":"http:\/\/www.survival.edu.pl\/wp-index.php\/index.php?rest_route=\/wp\/v2\/pages"}],"about":[{"href":"http:\/\/www.survival.edu.pl\/wp-index.php\/index.php?rest_route=\/wp\/v2\/types\/page"}],"author":[{"embeddable":true,"href":"http:\/\/www.survival.edu.pl\/wp-index.php\/index.php?rest_route=\/wp\/v2\/users\/2"}],"replies":[{"embeddable":true,"href":"http:\/\/www.survival.edu.pl\/wp-index.php\/index.php?rest_route=%2Fwp%2Fv2%2Fcomments&post=5006"}],"version-history":[{"count":9,"href":"http:\/\/www.survival.edu.pl\/wp-index.php\/index.php?rest_route=\/wp\/v2\/pages\/5006\/revisions"}],"predecessor-version":[{"id":5030,"href":"http:\/\/www.survival.edu.pl\/wp-index.php\/index.php?rest_route=\/wp\/v2\/pages\/5006\/revisions\/5030"}],"up":[{"embeddable":true,"href":"http:\/\/www.survival.edu.pl\/wp-index.php\/index.php?rest_route=\/wp\/v2\/pages\/57"}],"wp:attachment":[{"href":"http:\/\/www.survival.edu.pl\/wp-index.php\/index.php?rest_route=%2Fwp%2Fv2%2Fmedia&parent=5006"}],"curies":[{"name":"wp","href":"https:\/\/api.w.org\/{rel}","templated":true}]}}