{"id":3971,"date":"2016-11-10T00:31:27","date_gmt":"2016-11-09T22:31:27","guid":{"rendered":"http:\/\/www.survival.edu.pl\/wp-index.php\/?page_id=3971"},"modified":"2017-04-09T16:12:32","modified_gmt":"2017-04-09T14:12:32","slug":"w-linku","status":"publish","type":"page","link":"http:\/\/www.survival.edu.pl\/wp-index.php\/?page_id=3971","title":{"rendered":"W linku&#8230;"},"content":{"rendered":"<p>Artyku\u0142, kt\u00f3ry zawiera sedno je\u015bli chodzi o moj\u0105 wizj\u0119 wychowania za pomoc\u0105 my\u015bli survivalowej \u2014\u00a0na stronie <span style=\"text-decoration: underline;\"><a href=\"http:\/\/www.junior.sport.pl\/junior\/1,135918,18445060,rodzinny-survival-przygoda-jest-tam-gdzie-znika-codzienny.html\" target=\"_blank\">Junior<\/a><\/span>\u00a0\u2014 plus <span style=\"text-decoration: underline;\"><a href=\"http:\/\/www.survival.edu.pl\/wp-content\/uploads\/Rodzinny-survival.pdf\" target=\"_blank\">pdf<\/a><\/span>.<\/p>\n<p>Ponadto do rozwa\u017cenia my\u015bli przekazane przez Kena Robinsona w ramach <span style=\"text-decoration: underline;\"><a href=\"https:\/\/www.youtube.com\/watch?v=iG9CE55wbtY\" target=\"_blank\">prelekcji<\/a> <\/span>TEDx.<\/p>\n<p>Film o \u0141ukaszu \u0141uczaju, z kt\u00f3rym si\u0119 znamy&#8230; <a href=\"https:\/\/www.youtube.com\/watch?v=iUYTnuWoNf0\" target=\"_blank\"><span style=\"text-decoration: underline;\">zapraszam!<\/span><\/a><\/p>\n","protected":false},"excerpt":{"rendered":"<p>Artyku\u0142, kt\u00f3ry zawiera sedno je\u015bli chodzi o moj\u0105 wizj\u0119 wychowania za pomoc\u0105 my\u015bli survivalowej \u2014\u00a0na stronie Junior\u00a0\u2014 plus pdf. Ponadto do rozwa\u017cenia my\u015bli przekazane przez Kena Robinsona w ramach prelekcji TEDx. Film o \u0141ukaszu \u0141uczaju, z kt\u00f3rym si\u0119 znamy&#8230; zapraszam! &hellip; <a class=\"more-link\" href=\"http:\/\/www.survival.edu.pl\/wp-index.php\/?page_id=3971\">Czytaj dalej <span class=\"meta-nav\">&rarr;<\/span><\/a><\/p>\n","protected":false},"author":2,"featured_media":0,"parent":3094,"menu_order":20,"comment_status":"closed","ping_status":"closed","template":"","meta":[],"_links":{"self":[{"href":"http:\/\/www.survival.edu.pl\/wp-index.php\/index.php?rest_route=\/wp\/v2\/pages\/3971"}],"collection":[{"href":"http:\/\/www.survival.edu.pl\/wp-index.php\/index.php?rest_route=\/wp\/v2\/pages"}],"about":[{"href":"http:\/\/www.survival.edu.pl\/wp-index.php\/index.php?rest_route=\/wp\/v2\/types\/page"}],"author":[{"embeddable":true,"href":"http:\/\/www.survival.edu.pl\/wp-index.php\/index.php?rest_route=\/wp\/v2\/users\/2"}],"replies":[{"embeddable":true,"href":"http:\/\/www.survival.edu.pl\/wp-index.php\/index.php?rest_route=%2Fwp%2Fv2%2Fcomments&post=3971"}],"version-history":[{"count":5,"href":"http:\/\/www.survival.edu.pl\/wp-index.php\/index.php?rest_route=\/wp\/v2\/pages\/3971\/revisions"}],"predecessor-version":[{"id":5441,"href":"http:\/\/www.survival.edu.pl\/wp-index.php\/index.php?rest_route=\/wp\/v2\/pages\/3971\/revisions\/5441"}],"up":[{"embeddable":true,"href":"http:\/\/www.survival.edu.pl\/wp-index.php\/index.php?rest_route=\/wp\/v2\/pages\/3094"}],"wp:attachment":[{"href":"http:\/\/www.survival.edu.pl\/wp-index.php\/index.php?rest_route=%2Fwp%2Fv2%2Fmedia&parent=3971"}],"curies":[{"name":"wp","href":"https:\/\/api.w.org\/{rel}","templated":true}]}}