{"id":3956,"date":"2016-10-26T00:42:33","date_gmt":"2016-10-25T22:42:33","guid":{"rendered":"http:\/\/www.survival.edu.pl\/wp-index.php\/?page_id=3956"},"modified":"2020-05-29T15:05:23","modified_gmt":"2020-05-29T13:05:23","slug":"w-kadrze","status":"publish","type":"page","link":"http:\/\/www.survival.edu.pl\/wp-index.php\/?page_id=3956","title":{"rendered":"W kadrze&#8230;"},"content":{"rendered":"<p>Zaczyna\u0142a si\u0119 Wielka Historia dla mnie i moich podopiecznych z MOW nr 2 w \u0141odzi.<\/p>\n<pre>Wtr\u0105cili si\u0119 wredni ludzie. Pisz\u0119 o nich na swojej starej stronie <span style=\"color: #ff6600;\"><a style=\"color: #ff6600;\" href=\"http:\/\/www.survival.infocentrum.com\" target=\"_blank\" rel=\"noopener noreferrer\"><span style=\"text-decoration: underline;\">KLIK<\/span><\/a><\/span> w Notatniku Kriska (w Archiwum na dole strony) jako:\r\n<b><a href=\"http:\/\/www.survival.infocentrum.com\/s\/notatki\/quote_resocjalizacja_quote.html\" target=\"_blank\" rel=\"noopener noreferrer\"><span style=\"text-decoration: underline;\">RADNI MIASTA \u0141ODZI, RESOCJALIZACJA I SURVIVAL<\/span><\/a><\/b><sup>[24.02.2009.]<\/sup>\r\n<span style=\"text-decoration: underline;\"><b><a href=\"http:\/\/www.survival.infocentrum.com\/s\/notatki\/korespondencjedwie.html\" target=\"_blank\" rel=\"noopener noreferrer\">DOSTALI\u015aMY EMAILA, A NAWET DWA<\/a><\/b><\/span><sup>[29.05.2009.]\r\n<\/sup>... oraz w g\u0142\u00f3wnym tek\u015bcie Notatnika jako:\r\nZJAWISKO NATURY OG\u00d3LNEJ\u00a0[25.05.2008.]\r\nKATASTROFA TUNGUSKA\u00a0[29.06.2008.]\r\nEDUKACJA i resocjalizacja W \u0141ODZI - C.D.\u00a0[15.11.2009.]<\/pre>\n<p>Wspominam tu o wszystkim, aby nie zapomina\u0107 o wrednocie \u2014 zosta\u0142a jednak fajna\u00a0<span style=\"text-decoration: underline;\"><a href=\"https:\/\/drive.google.com\/open?id=0ByoOvmJCZdlPQWVuVzR2YWtYc1k\" target=\"_blank\" rel=\"noopener noreferrer\">pami\u0105tka<\/a><\/span>.<\/p>\n<p>Jest te\u017c pami\u0105tka wideo z <a href=\"https:\/\/drive.google.com\/open?id=0ByoOvmJCZdlPcDZReUZHSW1BRXc\" target=\"_blank\" rel=\"noopener noreferrer\">rumu\u0144skiej wyprawy z Krzy\u015bkiem Petkiem<\/a>.<\/p>\n<p>Pa\u017adziernik 2016&#8230; jeste\u015bmy z m\u0142odymi przyjaci\u00f3\u0142mi na&#8230; Zaczarowanej G\u00f3rze (i niech ta nazwa zostanie). Odwiedzi\u0142a nas ekipa TVN i\u00a0<span style=\"text-decoration: underline;\"><a href=\"https:\/\/drive.google.com\/open?id=0ByoOvmJCZdlPVXVzN2lzZlo4Q1E\" target=\"_blank\" rel=\"noopener noreferrer\">tak powsta\u0142 reporta\u017c&#8230;<\/a><\/span><\/p>\n","protected":false},"excerpt":{"rendered":"<p>Zaczyna\u0142a si\u0119 Wielka Historia dla mnie i moich podopiecznych z MOW nr 2 w \u0141odzi. Wtr\u0105cili si\u0119 wredni ludzie. Pisz\u0119 o nich na swojej starej stronie KLIK w Notatniku Kriska (w Archiwum na dole strony) jako: RADNI MIASTA \u0141ODZI, RESOCJALIZACJA &hellip; <a class=\"more-link\" href=\"http:\/\/www.survival.edu.pl\/wp-index.php\/?page_id=3956\">Czytaj dalej <span class=\"meta-nav\">&rarr;<\/span><\/a><\/p>\n","protected":false},"author":2,"featured_media":0,"parent":3094,"menu_order":0,"comment_status":"closed","ping_status":"closed","template":"","meta":[],"_links":{"self":[{"href":"http:\/\/www.survival.edu.pl\/wp-index.php\/index.php?rest_route=\/wp\/v2\/pages\/3956"}],"collection":[{"href":"http:\/\/www.survival.edu.pl\/wp-index.php\/index.php?rest_route=\/wp\/v2\/pages"}],"about":[{"href":"http:\/\/www.survival.edu.pl\/wp-index.php\/index.php?rest_route=\/wp\/v2\/types\/page"}],"author":[{"embeddable":true,"href":"http:\/\/www.survival.edu.pl\/wp-index.php\/index.php?rest_route=\/wp\/v2\/users\/2"}],"replies":[{"embeddable":true,"href":"http:\/\/www.survival.edu.pl\/wp-index.php\/index.php?rest_route=%2Fwp%2Fv2%2Fcomments&post=3956"}],"version-history":[{"count":9,"href":"http:\/\/www.survival.edu.pl\/wp-index.php\/index.php?rest_route=\/wp\/v2\/pages\/3956\/revisions"}],"predecessor-version":[{"id":7635,"href":"http:\/\/www.survival.edu.pl\/wp-index.php\/index.php?rest_route=\/wp\/v2\/pages\/3956\/revisions\/7635"}],"up":[{"embeddable":true,"href":"http:\/\/www.survival.edu.pl\/wp-index.php\/index.php?rest_route=\/wp\/v2\/pages\/3094"}],"wp:attachment":[{"href":"http:\/\/www.survival.edu.pl\/wp-index.php\/index.php?rest_route=%2Fwp%2Fv2%2Fmedia&parent=3956"}],"curies":[{"name":"wp","href":"https:\/\/api.w.org\/{rel}","templated":true}]}}