{"id":2376,"date":"2015-11-22T17:14:30","date_gmt":"2015-11-22T15:14:30","guid":{"rendered":"http:\/\/www.survival.edu.pl\/wp-index.php\/?page_id=2376"},"modified":"2016-12-21T19:39:05","modified_gmt":"2016-12-21T17:39:05","slug":"wiedziec-vs-rozumiec","status":"publish","type":"page","link":"http:\/\/www.survival.edu.pl\/wp-index.php\/?page_id=2376","title":{"rendered":"Wiedzie\u0107 vs rozumie\u0107"},"content":{"rendered":"<p style=\"text-align: justify;\"><span style=\"color: #ffff99;\"><span style=\"color: #ff9900;\">&#8222;Wiedzie\u0107&#8221;<\/span> <\/span>oznacza: zebra\u0107 informacje i je posiada\u0107. Oznacza \u2014\u00a0m\u00f3c wyszuka\u0107 w podr\u0119cznej pami\u0119ci zachowane elementy zbior\u00f3w. Poka\u017any zbi\u00f3r mo\u017ce da\u0107 w efekcie erudycj\u0119 i uznanie. Potrzebne eksplorowanie rzeczywisto\u015bci i sprawne zapami\u0119tywanie.<\/p>\n<p style=\"text-align: justify;\"><span style=\"color: #ffff99;\"><span style=\"color: #ff9900;\">WIEDZIE\u0106\u00a0nie r\u00f3wna si\u0119 ROZUMIE\u0106<\/span><\/span>.\u00a0Jest to oczywiste, \u017ce &#8222;wiedzie\u0107&#8221; jest chronologicznie przed &#8222;rozumie\u0107&#8221;, wielu jednak zadowala si\u0119 jedynie tym pierwszym. Szyderczo powiem, \u017ce wystarcza to, by zab\u0142ysn\u0105\u0107 przed znajomymi lub podw\u0142adnymi.<\/p>\n<p style=\"text-align: justify;\"><span style=\"color: #ffff99;\"><span style=\"color: #ff9900;\">Rozumienie<\/span> <\/span>wi\u0105\u017ce si\u0119 z obr\u00f3bk\u0105 posiadanych informacji. W ramach obr\u00f3bki pojawiaj\u0105 si\u0119 uk\u0142ady zale\u017cno\u015bci pomi\u0119dzy danymi oraz bazy wzajemnych wyklucze\u0144. Tworzy si\u0119 hierarchia warto\u015bci, kt\u00f3ra w dodatku ulega przemianom wraz ze zmieniaj\u0105cymi warunkami obserwacji, wzajemnych relacji oraz r\u00f3wnoleg\u0142ych przemian.<\/p>\n<p style=\"text-align: justify;\">W tym aspekcie cz\u0142owiek, kt\u00f3ry<span style=\"color: #ffff99;\"> <span style=\"color: #ff9900;\">WIE<\/span><\/span>, mo\u017ce sta\u0107 bezradnie wobec niesko\u0144czonej ilo\u015bci uk\u0142ad\u00f3w danych. Ten, kt\u00f3ry<span style=\"color: #ffff99;\"> <span style=\"color: #ff9900;\">ROZUMIE<\/span><\/span>, b\u0119dzie tymi danymi operowa\u0142. Nie oznacza to jeszcze sukcesu, ale&#8230; jest go bli\u017cej.<\/p>\n","protected":false},"excerpt":{"rendered":"<p>&#8222;Wiedzie\u0107&#8221; oznacza: zebra\u0107 informacje i je posiada\u0107. Oznacza \u2014\u00a0m\u00f3c wyszuka\u0107 w podr\u0119cznej pami\u0119ci zachowane elementy zbior\u00f3w. Poka\u017any zbi\u00f3r mo\u017ce da\u0107 w efekcie erudycj\u0119 i uznanie. Potrzebne eksplorowanie rzeczywisto\u015bci i sprawne zapami\u0119tywanie. WIEDZIE\u0106\u00a0nie r\u00f3wna si\u0119 ROZUMIE\u0106.\u00a0Jest to oczywiste, \u017ce &#8222;wiedzie\u0107&#8221; jest &hellip; <a class=\"more-link\" href=\"http:\/\/www.survival.edu.pl\/wp-index.php\/?page_id=2376\">Czytaj dalej <span class=\"meta-nav\">&rarr;<\/span><\/a><\/p>\n","protected":false},"author":2,"featured_media":0,"parent":331,"menu_order":100,"comment_status":"closed","ping_status":"closed","template":"","meta":[],"_links":{"self":[{"href":"http:\/\/www.survival.edu.pl\/wp-index.php\/index.php?rest_route=\/wp\/v2\/pages\/2376"}],"collection":[{"href":"http:\/\/www.survival.edu.pl\/wp-index.php\/index.php?rest_route=\/wp\/v2\/pages"}],"about":[{"href":"http:\/\/www.survival.edu.pl\/wp-index.php\/index.php?rest_route=\/wp\/v2\/types\/page"}],"author":[{"embeddable":true,"href":"http:\/\/www.survival.edu.pl\/wp-index.php\/index.php?rest_route=\/wp\/v2\/users\/2"}],"replies":[{"embeddable":true,"href":"http:\/\/www.survival.edu.pl\/wp-index.php\/index.php?rest_route=%2Fwp%2Fv2%2Fcomments&post=2376"}],"version-history":[{"count":8,"href":"http:\/\/www.survival.edu.pl\/wp-index.php\/index.php?rest_route=\/wp\/v2\/pages\/2376\/revisions"}],"predecessor-version":[{"id":4471,"href":"http:\/\/www.survival.edu.pl\/wp-index.php\/index.php?rest_route=\/wp\/v2\/pages\/2376\/revisions\/4471"}],"up":[{"embeddable":true,"href":"http:\/\/www.survival.edu.pl\/wp-index.php\/index.php?rest_route=\/wp\/v2\/pages\/331"}],"wp:attachment":[{"href":"http:\/\/www.survival.edu.pl\/wp-index.php\/index.php?rest_route=%2Fwp%2Fv2%2Fmedia&parent=2376"}],"curies":[{"name":"wp","href":"https:\/\/api.w.org\/{rel}","templated":true}]}}