{"id":231,"date":"2012-09-26T18:22:32","date_gmt":"2012-09-26T16:22:32","guid":{"rendered":"http:\/\/www.survival.edu.pl\/wp-index.php\/?page_id=231"},"modified":"2018-05-30T11:37:11","modified_gmt":"2018-05-30T09:37:11","slug":"spiecie-wsrod-ludzi","status":"publish","type":"page","link":"http:\/\/www.survival.edu.pl\/wp-index.php\/?page_id=231","title":{"rendered":"Ludzkie spi\u0119cie"},"content":{"rendered":"<p style=\"text-align: justify;\"><a href=\"http:\/\/www.survival.edu.pl\/wp-content\/uploads\/2012\/09\/need-head.jpg\"><img loading=\"lazy\" class=\"alignright\" title=\"caput indigebat\" src=\"http:\/\/www.survival.edu.pl\/wp-content\/uploads\/2012\/09\/need-head-150x150.jpg\" alt=\"potrzebna g\u0142owa\" width=\"58\" height=\"58\" \/><\/a><\/p>\n<p style=\"text-align: justify;\">Wyobra\u017amy sobie dw\u00f3ch r\u00f3\u017cnych ludzi. Obaj ci ludzie s\u0105 ma\u0142o mobilni. Ich dzia\u0142ania daj\u0105 efekty nieadekwatne do potrzeb. Efekty te mog\u0105 by\u0107 gro\u017ane dla nich samych.<\/p>\n<p style=\"text-align: justify;\">Pierwszy ma <span style=\"color: #ff9900;\">wci\u0105\u017c napi\u0119te mi\u0119\u015bnie<\/span>. Jest jak twardy kamie\u0144. Nie jest w stanie dzia\u0142a\u0107, bo dla wykonania ruchu musi nast\u0105pi\u0107 wyluzowanie okre\u015blonej partii mi\u0119\u015bni. Kiedy ju\u017c do tego dochodzi, zluzowanie jest nag\u0142e, jak po szarpni\u0119ciu spustu, w wyniku czego nast\u0119puje ruch nieprecyzyjny, gwa\u0142towny, maj\u0105cy charakter wybuchu.<\/p>\n<p style=\"text-align: justify;\">Drugi jest wiotki. Jego <span style=\"color: #ff9900;\">mi\u0119\u015bnie s\u0105 w stanie permanentnego rozlu\u017anienia<\/span>. Cia\u0142o jest bezw\u0142adne, galaretowate. R\u00f3wnie\u017c nie jest w stanie wykona\u0107 \u017cadnego dzia\u0142ania \u2014\u00a0do tego potrzebne jest napi\u0119cie tej partii mi\u0119\u015bni, kt\u00f3re ukierunkuj\u0105 ruch. Zdarzenia wynikaj\u0105ce z chwilowego pobudzenia mi\u0119\u015bni s\u0105&#8230; &#8222;anemiczne&#8221;, w swoim efekcie jakby bezcelowe, nieskuteczne.<\/p>\n<p style=\"text-align: justify;\">Opis sfery fizjologii odnosz\u0105cy si\u0119 do tonusu oraz jego zmian \u2014\u00a0daje si\u0119 zastosowa\u0107 tak\u017ce w przypadku psychiki.<\/p>\n<div style=\"text-align: justify;\" align=\"center\">\n<hr align=\"center\" size=\"2\" width=\"100%\" \/>\n<\/div>\n<p style=\"text-align: justify;\"><a href=\"http:\/\/www.survival.edu.pl\/wp-content\/uploads\/2012\/09\/need-head.jpg\"><img loading=\"lazy\" class=\"alignright\" title=\"caput indigebat\" src=\"http:\/\/www.survival.edu.pl\/wp-content\/uploads\/2012\/09\/need-head-150x150.jpg\" alt=\"potrzebna g\u0142owa\" width=\"58\" height=\"58\" \/><\/a><\/p>\n<p style=\"text-align: justify;\">Obserwowa\u0142em wiele razy ludzi opuszczaj\u0105cych miejsce, kt\u00f3re by\u0142o im znajome jak w\u0142asna kiesze\u0144. Udawali si\u0119 do miejsca im obcego, pe\u0142nego obcych ludzi. Te obce miejsca by\u0142y inne. Ludzie te\u017c byli inni. Nawet inaczej m\u00f3wili. Ludzie, kt\u00f3rzy stali si\u0119 w\u0119drowcami, maj\u0105 problem ze zrozumieniem obcego \u015bwiata. Tak pojawia si\u0119 spi\u0119cie. To sytuacja stresowa.<\/p>\n<p style=\"text-align: justify;\"><span style=\"color: #ff9900;\"><em>Naszo\u015b\u0107<\/em>\u00a0\u2014 tak my\u015bl\u0105 \u2014\u00a0<em>jest normalno\u015bci\u0105<\/em>.<\/span> Oczywiste wi\u0119c, \u017ce inno\u015b\u0107 jest nienormalna. Je\u017celi mamy do czynienia z lud\u017ami nieporadnymi psychicznie i intelektualnie, mo\u017cemy podejrzewa\u0107 w nich wielu wewn\u0119trznych napr\u0119\u017ce\u0144. To wynik l\u0119ku przed w\u0142asn\u0105 nieporadno\u015bci\u0105 wobec obco\u015bci, inno\u015bci, niezrozumia\u0142o\u015bci.<\/p>\n<p style=\"text-align: justify;\">Zjawisko to jednocze\u015bnie cz\u0119sto towarzyszy drugiemu\u00a0\u2014\u00a0potrzebie posiadania wp\u0142ywu na rzeczywisto\u015b\u0107. Cz\u0142owiek chcia\u0142by si\u0119 czu\u0107 &#8222;Panem i W\u0142adc\u0105&#8221;.<\/p>\n<p style=\"text-align: justify;\">W\u0142adys\u0142aw Witwicki opublikowa\u0142 w 1907 roku <span style=\"color: #ff9900;\"><strong>teori\u0119 kratyzmu <\/strong><\/span>*) \u2014\u00a0<a title=\"Kratyzm\" href=\"http:\/\/pl.wikipedia.org\/wiki\/Kratyzm\" target=\"_blank\" rel=\"noopener\">Wikipedia<\/a>. W niej przedstawi\u0142 stany emocjonalne dotycz\u0105ce 6 sytuacji \u2014 s\u0105 to uczucia wobec ludzi:<\/p>\n<ul style=\"text-align: justify;\">\n<li><span style=\"color: #ffffff;\">\u017cyczliwych silniejszych (uczucia czci i wdzi\u0119czno\u015bci)<\/span><\/li>\n<li><span style=\"color: #ffffff;\">\u017cyczliwych r\u00f3wnych (przyja\u017a\u0144)<\/span><\/li>\n<li><span style=\"color: #ffffff;\">\u017cyczliwych s\u0142abszych (uczucia opieku\u0144cze)<\/span><\/li>\n<li><span style=\"color: #ffffff;\">nieprzyjaci\u00f3\u0142 silniejszych (nienawi\u015b\u0107, zawi\u015b\u0107)<\/span><\/li>\n<li><span style=\"color: #ffffff;\">nieprzyjaci\u00f3\u0142 r\u00f3wnych<\/span><\/li>\n<li><span style=\"color: #ffffff;\">nieprzyjaci\u00f3\u0142 s\u0142abszych (lekcewa\u017cenie, wstr\u0119t, pogarda)<\/span><\/li>\n<\/ul>\n<p style=\"text-align: justify;\">Trzy ostatnie sytuacje s\u0105 sytuacjami awersyjnymi. Wi\u0105\u017c\u0105 si\u0119 z dyskomfortem psychicznym, opresj\u0105. Czujemy potrzeb\u0119 reagowania na nie.<\/p>\n<p><a href=\"http:\/\/www.survival.edu.pl\/wp-index.php\/?page_id=4740\" target=\"_blank\" rel=\"noopener\"><span style=\"text-decoration: underline;\">Zobacz&#8230;<\/span><\/a><\/p>\n<pre style=\"text-align: justify;\"><span style=\"color: #ffff99;\">*) gr. <em>krat\u00f3s<\/em> = si\u0142a, moc; w\u0142adza, si\u0142a polityczna<\/span><\/pre>\n","protected":false},"excerpt":{"rendered":"<p>Wyobra\u017amy sobie dw\u00f3ch r\u00f3\u017cnych ludzi. Obaj ci ludzie s\u0105 ma\u0142o mobilni. Ich dzia\u0142ania daj\u0105 efekty nieadekwatne do potrzeb. Efekty te mog\u0105 by\u0107 gro\u017ane dla nich samych. Pierwszy ma wci\u0105\u017c napi\u0119te mi\u0119\u015bnie. Jest jak twardy kamie\u0144. Nie jest w stanie dzia\u0142a\u0107, &hellip; <a class=\"more-link\" href=\"http:\/\/www.survival.edu.pl\/wp-index.php\/?page_id=231\">Czytaj dalej <span class=\"meta-nav\">&rarr;<\/span><\/a><\/p>\n","protected":false},"author":2,"featured_media":0,"parent":175,"menu_order":0,"comment_status":"closed","ping_status":"closed","template":"","meta":[],"_links":{"self":[{"href":"http:\/\/www.survival.edu.pl\/wp-index.php\/index.php?rest_route=\/wp\/v2\/pages\/231"}],"collection":[{"href":"http:\/\/www.survival.edu.pl\/wp-index.php\/index.php?rest_route=\/wp\/v2\/pages"}],"about":[{"href":"http:\/\/www.survival.edu.pl\/wp-index.php\/index.php?rest_route=\/wp\/v2\/types\/page"}],"author":[{"embeddable":true,"href":"http:\/\/www.survival.edu.pl\/wp-index.php\/index.php?rest_route=\/wp\/v2\/users\/2"}],"replies":[{"embeddable":true,"href":"http:\/\/www.survival.edu.pl\/wp-index.php\/index.php?rest_route=%2Fwp%2Fv2%2Fcomments&post=231"}],"version-history":[{"count":16,"href":"http:\/\/www.survival.edu.pl\/wp-index.php\/index.php?rest_route=\/wp\/v2\/pages\/231\/revisions"}],"predecessor-version":[{"id":6843,"href":"http:\/\/www.survival.edu.pl\/wp-index.php\/index.php?rest_route=\/wp\/v2\/pages\/231\/revisions\/6843"}],"up":[{"embeddable":true,"href":"http:\/\/www.survival.edu.pl\/wp-index.php\/index.php?rest_route=\/wp\/v2\/pages\/175"}],"wp:attachment":[{"href":"http:\/\/www.survival.edu.pl\/wp-index.php\/index.php?rest_route=%2Fwp%2Fv2%2Fmedia&parent=231"}],"curies":[{"name":"wp","href":"https:\/\/api.w.org\/{rel}","templated":true}]}}