{"id":1329,"date":"2013-02-04T16:40:12","date_gmt":"2013-02-04T14:40:12","guid":{"rendered":"http:\/\/www.survival.edu.pl\/wp-index.php\/?page_id=1329"},"modified":"2017-03-24T20:24:27","modified_gmt":"2017-03-24T18:24:27","slug":"komu-potrzeba-survivalu","status":"publish","type":"page","link":"http:\/\/www.survival.edu.pl\/wp-index.php\/?page_id=1329","title":{"rendered":"Komu potrzeba survivalu&#8230;"},"content":{"rendered":"<p style=\"text-align: justify;\">Istnieje kilka sposob\u00f3w widzenia tego, co survivalem si\u0119 zowie:<\/p>\n<ul style=\"text-align: justify;\">\n<li>Ogl\u0105d <span style=\"color: #ff9900;\">cz\u0142owieka niezorientowanego<\/span> czyli takiego, co s\u0105dzi, \u017ce survival jest zaj\u0119ciem <img loading=\"lazy\" class=\"wp-image-1306 alignright\" title=\"iko niezorientowany\" src=\"http:\/\/www.survival.edu.pl\/wp-content\/uploads\/iko-niezorientowany.gif\" alt=\"\" width=\"111\" height=\"141\" \/>dla kogo\u015b szukaj\u0105cego guza, znajduj\u0105cego przyjemno\u015b\u0107 w utrudnianiu sobie \u017cycia, podczas, gdy wszystko ma si\u0119 toczy\u0107 w\u0142a\u015bciwym torem, kiedy to stra\u017cak gasi, ratownik ratuje, kucharz karmi&#8230; Taki cz\u0142owiek boi si\u0119 paj\u0105k\u00f3w, unika pozostania w\u00a0lesie, kiedy zapada zmrok, cierpi gdy obiad sp\u00f3\u017ania si\u0119 ponad p\u00f3\u0142 godziny, odczuwa brak swoich gad\u017cet\u00f3w: laptopa, telefonu. Uwa\u017ca, \u017ce skoro p\u0142aci podatki (albo ma tatusia i\u00a0mamusi\u0119), to\u00a0nale\u017cy mu si\u0119. Dlatego wchodzi na jezdni\u0119 tu\u017c przed samochodem i\u00a0wygra\u017ca kierowcy. Zawsze wie, \u017ce on ma pierwsze\u0144stwo. Survival jest mu niepotrzebny, bo p\u0142aci podatki i ma tatusia oraz mamusi\u0119. I obiad na stole na czas. Je\u015bli\u00a0tak nie jest, to na pewno s\u0105 jacy\u015b winni. Nigdy on sam. Dla niego survival jest zaj\u0119ciem dla g\u0142upc\u00f3w i\u00a0brudas\u00f3w, ludzi nieodpowiedzialnych, kt\u00f3rzy zamiast zajmowa\u0107 si\u0119 powa\u017cnymi sprawami tego \u015bwiata, wol\u0105 si\u0119 wa\u0142koni\u0107 po lasach. Je\u015bli wi\u0119c survival mia\u0142by mu by\u0107 potrzebny, to jedynie dlatego, \u017ce firma wys\u0142a\u0142a go na imprez\u0119 z &#8222;survivalem&#8221; w tytule (ale on wie, \u017ce to tylko udawanie), albo te\u017c dozna\u0142 \u017cyciowego szoku i\u00a0zapocz\u0105tkuje co\u015b nowego (bez\u00a0pytania mamusi i tatusia)&#8230;<\/li>\n<\/ul>\n<ul style=\"text-align: justify;\">\n<li>Ogl\u0105d <span style=\"color: #ff9900;\">cz\u0142owieka pocz\u0105tkuj\u0105cego<\/span> czyli pe\u0142nego zapa\u0142u i wiary w siebie, <img loading=\"lazy\" class=\"wp-image-1307 alignright\" title=\"iko poczatkujacy\" src=\"http:\/\/www.survival.edu.pl\/wp-content\/uploads\/iko-poczatkujacy.gif\" alt=\"\" width=\"111\" height=\"141\" \/>d\u0105\u017c\u0105cego do radzenia sobie ze wszystkim, z czym inni poradzi\u0107 sobie nie mog\u0105, a tym samym stoj\u0105cym nieustannie przed wyzwaniami, z kt\u00f3rymi zamierza nie przegra\u0107, gdy\u017c to mo\u017ce naruszy\u0107 jego pozycj\u0119 w\u015br\u00f3d znajomych. Dlatego zawsze jest przygotowany do tego, by pokaza\u0107, \u017ce sobie poradzi. Zna ka\u017cdy parametr nieprzemakalno\u015bci i oddychalno\u015bci swojej najnowszej kurtki, d\u0142ugo wybiera n\u00f3\u017c przed zakupem wypytuj\u0105c o procent w\u0119gla w stali, jej twardo\u015b\u0107 i \u0142amliwo\u015b\u0107 \u2014\u00a0ca\u0142y czas operuje znanymi sobie symbolami technicznymi oraz wie, czy bardziej przyda mu si\u0119 stal szwedzka, czy hiszpa\u0144ska. Na wszelki wypadek kupuje kilka no\u017cy. Przedmioty s\u0105 jego domen\u0105, znajomych dzieli na tych, co nie maj\u0105 o tym poj\u0119cia oraz na tych, co maj\u0105, a wi\u0119c mo\u017cna z nimi gada\u0107 godzinami o\u00a0wy\u017cszo\u015bci jednego sprz\u0119tu nad innym. Survival jest dla niego idealnym zaj\u0119ciem, aby b\u0142ysn\u0105\u0107 w t\u0142umie, bo nic innego mu nie pozosta\u0142o. Albo&#8230;\u00a0jest na dobrej drodze, by odkry\u0107, \u017ce warto p\u00f3j\u015b\u0107 drog\u0105 cz\u0142owieka poszukuj\u0105cego.<\/li>\n<\/ul>\n<ul style=\"text-align: justify;\">\n<li>Ogl\u0105d <span style=\"color: #ff9900;\">cz\u0142owieka poszukuj\u0105cego<\/span> czyli takiego, kt\u00f3ry pr\u00f3buje odgadn\u0105\u0107 porz\u0105dek<img loading=\"lazy\" class=\" wp-image-1308 alignright\" src=\"http:\/\/www.survival.edu.pl\/wp-content\/uploads\/iko-szukajacy.gif\" alt=\"\" width=\"110\" height=\"141\" \/> rzeczy i spraw. Samego siebie ustawia w pozycji s\u0142u\u017cebnej wobec tego zadania \u2014\u00a0a wi\u0119c eksploruje, odkrywa, interpretuje, szuka r\u00f3\u017cnic i\u00a0podobie\u0144stw, znajduje zupe\u0142nie nowe znaczenia i przydatno\u015bci. Opr\u00f3cz \u015bwiata zewn\u0119trznego mo\u017ce on r\u00f3wnie\u017c dostrzec istnienie \u015bwiata wewn\u0119trznego, a wtedy otwieraj\u0105 si\u0119 dla niego nowe mo\u017cliwo\u015bci, ma okazj\u0119 by por\u00f3wna\u0107 oba \u015bwiaty, dozna\u0107 ich wzajemno\u015bci i w efekcie \u2014\u00a0by je spoi\u0107 w jedno\u015b\u0107. Natchnienie, \u017ce to mo\u017cliwe, by tego dokona\u0107, potrafi ze\u0144 uczyni\u0107 &#8222;cz\u0142owieka zdeterminowanego&#8221;. Bywa jednak, \u017ce jego s\u0142u\u017cebna postawa zatrzymuje go w\u015br\u00f3d ludzkich spraw i zamiast odej\u015b\u0107 w\u00a0\u015bwiat determinacji, staje si\u0119 cz\u0142owiekiem survivalu, kt\u00f3ry rozumie w jaki spos\u00f3b survival przydaje si\u0119 ludziom. Jako\u015b to tak bywa, \u017ce w\u0142a\u015bnie w\u00f3wczas najbardziej przydaje si\u0119 on&#8230; survivalowi.<\/li>\n<\/ul>\n<ul style=\"text-align: justify;\">\n<li>Ogl\u0105d <span style=\"color: #ff9900;\">cz\u0142owieka zdeterminowanego<\/span> czyli wyst\u0119puj\u0105cego w jednej z dw\u00f3ch swoich r\u00f3l <img loading=\"lazy\" class=\"wp-image-1297 alignright\" title=\"iko samotnik\" src=\"http:\/\/www.survival.edu.pl\/wp-content\/uploads\/iko-samotnik.gif\" alt=\"\" width=\"112\" height=\"143\" \/> (a czasem, zdarza si\u0119, \u017ce w obu naraz). <span style=\"color: #ff9900;\">Jedna rola<\/span> polega na szukaniu dla siebie prawdziwego wyzwania, kt\u00f3re okre\u015bli, czy jeste\u015bmy we w\u0142asnej\u00a0ocenie cz\u0142owiekiem prawdziwym. Bierze si\u0119 to chyba z\u00a0przekonania, \u017ce \u017cyciowe do\u015bwiadczenie, wewn\u0119trzna si\u0142a, poczucie niezale\u017cno\u015bci od swego gatunku, od cywilizacji, od banalnych spraw codzienno\u015bci, albo okrutnych spraw nazbyt wolnego rynku i nazbyt swawolnej konkurencji \u2014\u00a0ka\u017c\u0105 odej\u015b\u0107 w sfery absolutnie niedost\u0119pne dla innych (a\u00a0przynajmniej zbyt trudno dost\u0119pnych). Do \u017cycia powraca jedynie w przerwach pomi\u0119dzy jednym wyzwaniem, a\u00a0drugim. Bo jego faktycznym \u017cyciem, s\u0105 wyzwania w\u0142a\u015bnie. <span style=\"color: #ff9900;\">Druga rola<\/span> wynika g\u0142\u00f3wnie z regu\u0142y przypadku. A pochodzi od\u00a0tego, \u017ce\u00a0stajemy oto przed wyzwaniem, kt\u00f3rego bynajmniej nie szukali\u015bmy, ani nie wybierali\u015bmy, i stali\u015bmy si\u0119 NAGLE zdeterminowani, i to nie na\u00a0chwil\u0119, ale na d\u0142ugi czas. I\u00a0musimy sobie stale\u00a0radzi\u0107. A je\u015bli wygramy, mo\u017ce co\u015b si\u0119 w nas przestawi?<br \/>\nOt&#8230; \u017cycie.<\/li>\n<\/ul>\n","protected":false},"excerpt":{"rendered":"<p>Istnieje kilka sposob\u00f3w widzenia tego, co survivalem si\u0119 zowie: Ogl\u0105d cz\u0142owieka niezorientowanego czyli takiego, co s\u0105dzi, \u017ce survival jest zaj\u0119ciem dla kogo\u015b szukaj\u0105cego guza, znajduj\u0105cego przyjemno\u015b\u0107 w utrudnianiu sobie \u017cycia, podczas, gdy wszystko ma si\u0119 toczy\u0107 w\u0142a\u015bciwym torem, kiedy to &hellip; <a class=\"more-link\" href=\"http:\/\/www.survival.edu.pl\/wp-index.php\/?page_id=1329\">Czytaj dalej <span class=\"meta-nav\">&rarr;<\/span><\/a><\/p>\n","protected":false},"author":2,"featured_media":0,"parent":331,"menu_order":0,"comment_status":"closed","ping_status":"closed","template":"","meta":[],"_links":{"self":[{"href":"http:\/\/www.survival.edu.pl\/wp-index.php\/index.php?rest_route=\/wp\/v2\/pages\/1329"}],"collection":[{"href":"http:\/\/www.survival.edu.pl\/wp-index.php\/index.php?rest_route=\/wp\/v2\/pages"}],"about":[{"href":"http:\/\/www.survival.edu.pl\/wp-index.php\/index.php?rest_route=\/wp\/v2\/types\/page"}],"author":[{"embeddable":true,"href":"http:\/\/www.survival.edu.pl\/wp-index.php\/index.php?rest_route=\/wp\/v2\/users\/2"}],"replies":[{"embeddable":true,"href":"http:\/\/www.survival.edu.pl\/wp-index.php\/index.php?rest_route=%2Fwp%2Fv2%2Fcomments&post=1329"}],"version-history":[{"count":55,"href":"http:\/\/www.survival.edu.pl\/wp-index.php\/index.php?rest_route=\/wp\/v2\/pages\/1329\/revisions"}],"predecessor-version":[{"id":5250,"href":"http:\/\/www.survival.edu.pl\/wp-index.php\/index.php?rest_route=\/wp\/v2\/pages\/1329\/revisions\/5250"}],"up":[{"embeddable":true,"href":"http:\/\/www.survival.edu.pl\/wp-index.php\/index.php?rest_route=\/wp\/v2\/pages\/331"}],"wp:attachment":[{"href":"http:\/\/www.survival.edu.pl\/wp-index.php\/index.php?rest_route=%2Fwp%2Fv2%2Fmedia&parent=1329"}],"curies":[{"name":"wp","href":"https:\/\/api.w.org\/{rel}","templated":true}]}}